{"id":1446,"date":"2023-03-19T14:47:15","date_gmt":"2023-03-19T13:47:15","guid":{"rendered":"https:\/\/aelbienetre.fr\/?post_type=product&#038;p=1446"},"modified":"2023-09-23T14:24:50","modified_gmt":"2023-09-23T12:24:50","slug":"shampoing-a-picots","status":"publish","type":"product","link":"https:\/\/aelbienetre.fr\/index.php\/produit\/shampoing-a-picots\/","title":{"rendered":"Shampoing \u00e0 picots"},"content":{"rendered":"<p>Elabor\u00e9 sans sulfate, sans silicone &amp; sans paraben, le shampoing solide nettoie vos cheveux sans les agresser.<\/p>\n<p>Sa forme sp\u00e9cifique permet un massage agr\u00e9able du cuir chevelu.<\/p>\n<p>&nbsp;<\/p>\n<p>Respectueux de l&#8217;environnement, il\u00a0permet d&#8217;\u00e9viter la consommation de bouteille\u00a0plastique.<\/p>\n<p>Ce shampoing est tr\u00e8s \u00e9conomique car on utilise exactement ce dont on a besoin pour le lavage des cheveux. Un galet \u00e9quivaut \u00e0 2 bouteilles de shampoing<\/p>\n<p>&nbsp;<\/p>\n<p>Produit en U.E.<\/p>\n","protected":false},"excerpt":{"rendered":"<p>Elabor\u00e9 sans sulfate, sans silicone &amp; sans paraben, le shampoing solide nettoie vos cheveux sans les agresser. Sa forme sp\u00e9cifique permet un massage agr\u00e9able du cuir chevelu. &nbsp; Respectueux de l&#8217;environnement, il\u00a0permet d&#8217;\u00e9viter la consommation de bouteille\u00a0plastique. Ce shampoing est tr\u00e8s \u00e9conomique car on utilise exactement ce dont on a besoin pour le lavage des [&hellip;]<\/p>\n","protected":false},"featured_media":1482,"comment_status":"open","ping_status":"closed","template":"","meta":[],"product_cat":[22,24],"product_tag":[],"yoast_head":"<!-- This site is optimized with the Yoast SEO plugin v23.2 - https:\/\/yoast.com\/wordpress\/plugins\/seo\/ -->\n<title>Shampoing \u00e0 picots - Ael Bien-\u00eatre<\/title>\n<meta name=\"robots\" content=\"index, follow, max-snippet:-1, max-image-preview:large, max-video-preview:-1\" \/>\n<link rel=\"canonical\" href=\"https:\/\/aelbienetre.fr\/index.php\/produit\/shampoing-a-picots\/\" \/>\n<meta property=\"og:locale\" content=\"fr_FR\" \/>\n<meta property=\"og:type\" content=\"article\" \/>\n<meta property=\"og:title\" content=\"Shampoing \u00e0 picots - Ael Bien-\u00eatre\" \/>\n<meta property=\"og:description\" content=\"Elabor\u00e9 sans sulfate, sans silicone &amp; sans paraben, le shampoing solide nettoie vos cheveux sans les agresser. Sa forme sp\u00e9cifique permet un massage agr\u00e9able du cuir chevelu. &nbsp; Respectueux de l&#8217;environnement, il\u00a0permet d&#8217;\u00e9viter la consommation de bouteille\u00a0plastique. Ce shampoing est tr\u00e8s \u00e9conomique car on utilise exactement ce dont on a besoin pour le lavage des [&hellip;]\" \/>\n<meta property=\"og:url\" content=\"https:\/\/aelbienetre.fr\/index.php\/produit\/shampoing-a-picots\/\" \/>\n<meta property=\"og:site_name\" content=\"Ael Bien-\u00eatre\" \/>\n<meta property=\"article:publisher\" content=\"https:\/\/www.facebook.com\/profile.php?id=100089567651182\" \/>\n<meta property=\"article:modified_time\" content=\"2023-09-23T12:24:50+00:00\" \/>\n<meta property=\"og:image\" content=\"https:\/\/i0.wp.com\/aelbienetre.fr\/wp-content\/uploads\/2023\/03\/IMG_2395-scaled-e1690146088626.jpg?fit=1280%2C960&ssl=1\" \/>\n\t<meta property=\"og:image:width\" content=\"1280\" \/>\n\t<meta property=\"og:image:height\" content=\"960\" \/>\n\t<meta property=\"og:image:type\" content=\"image\/jpeg\" \/>\n<meta name=\"twitter:card\" content=\"summary_large_image\" \/>\n<script type=\"application\/ld+json\" class=\"yoast-schema-graph\">{\"@context\":\"https:\/\/schema.org\",\"@graph\":[{\"@type\":\"WebPage\",\"@id\":\"https:\/\/aelbienetre.fr\/index.php\/produit\/shampoing-a-picots\/\",\"url\":\"https:\/\/aelbienetre.fr\/index.php\/produit\/shampoing-a-picots\/\",\"name\":\"Shampoing \u00e0 picots - Ael Bien-\u00eatre\",\"isPartOf\":{\"@id\":\"https:\/\/aelbienetre.fr\/#website\"},\"primaryImageOfPage\":{\"@id\":\"https:\/\/aelbienetre.fr\/index.php\/produit\/shampoing-a-picots\/#primaryimage\"},\"image\":{\"@id\":\"https:\/\/aelbienetre.fr\/index.php\/produit\/shampoing-a-picots\/#primaryimage\"},\"thumbnailUrl\":\"https:\/\/aelbienetre.fr\/wp-content\/uploads\/2023\/03\/IMG_2395-scaled-e1690146088626.jpg\",\"datePublished\":\"2023-03-19T13:47:15+00:00\",\"dateModified\":\"2023-09-23T12:24:50+00:00\",\"breadcrumb\":{\"@id\":\"https:\/\/aelbienetre.fr\/index.php\/produit\/shampoing-a-picots\/#breadcrumb\"},\"inLanguage\":\"fr-FR\",\"potentialAction\":[{\"@type\":\"ReadAction\",\"target\":[\"https:\/\/aelbienetre.fr\/index.php\/produit\/shampoing-a-picots\/\"]}]},{\"@type\":\"ImageObject\",\"inLanguage\":\"fr-FR\",\"@id\":\"https:\/\/aelbienetre.fr\/index.php\/produit\/shampoing-a-picots\/#primaryimage\",\"url\":\"https:\/\/aelbienetre.fr\/wp-content\/uploads\/2023\/03\/IMG_2395-scaled-e1690146088626.jpg\",\"contentUrl\":\"https:\/\/aelbienetre.fr\/wp-content\/uploads\/2023\/03\/IMG_2395-scaled-e1690146088626.jpg\",\"width\":1280,\"height\":960,\"caption\":\"Shampoing \u00e0 picots\"},{\"@type\":\"BreadcrumbList\",\"@id\":\"https:\/\/aelbienetre.fr\/index.php\/produit\/shampoing-a-picots\/#breadcrumb\",\"itemListElement\":[{\"@type\":\"ListItem\",\"position\":1,\"name\":\"Produits d\u00e9tente\",\"item\":\"https:\/\/aelbienetre.fr\/index.php\/boutique\/\"},{\"@type\":\"ListItem\",\"position\":2,\"name\":\"Shampoing \u00e0 picots\"}]},{\"@type\":\"WebSite\",\"@id\":\"https:\/\/aelbienetre.fr\/#website\",\"url\":\"https:\/\/aelbienetre.fr\/\",\"name\":\"Ael Bien-\u00eatre\",\"description\":\"Produits de bien-\u00eatre pour la douche et le bain\",\"publisher\":{\"@id\":\"https:\/\/aelbienetre.fr\/#organization\"},\"potentialAction\":[{\"@type\":\"SearchAction\",\"target\":{\"@type\":\"EntryPoint\",\"urlTemplate\":\"https:\/\/aelbienetre.fr\/?s={search_term_string}\"},\"query-input\":\"required name=search_term_string\"}],\"inLanguage\":\"fr-FR\"},{\"@type\":\"Organization\",\"@id\":\"https:\/\/aelbienetre.fr\/#organization\",\"name\":\"Ael Bien-\u00eatre\",\"url\":\"https:\/\/aelbienetre.fr\/\",\"logo\":{\"@type\":\"ImageObject\",\"inLanguage\":\"fr-FR\",\"@id\":\"https:\/\/aelbienetre.fr\/#\/schema\/logo\/image\/\",\"url\":\"https:\/\/aelbienetre.fr\/wp-content\/uploads\/2023\/03\/Logo.png\",\"contentUrl\":\"https:\/\/aelbienetre.fr\/wp-content\/uploads\/2023\/03\/Logo.png\",\"width\":1200,\"height\":950,\"caption\":\"Ael Bien-\u00eatre\"},\"image\":{\"@id\":\"https:\/\/aelbienetre.fr\/#\/schema\/logo\/image\/\"},\"sameAs\":[\"https:\/\/www.facebook.com\/profile.php?id=100089567651182\",\"https:\/\/www.pinterest.fr\/aelbienetre\/\",\"https:\/\/www.instagram.com\/aelbienetre\/\"]}]}<\/script>\n<!-- \/ Yoast SEO plugin. -->","yoast_head_json":{"title":"Shampoing \u00e0 picots - Ael Bien-\u00eatre","robots":{"index":"index","follow":"follow","max-snippet":"max-snippet:-1","max-image-preview":"max-image-preview:large","max-video-preview":"max-video-preview:-1"},"canonical":"https:\/\/aelbienetre.fr\/index.php\/produit\/shampoing-a-picots\/","og_locale":"fr_FR","og_type":"article","og_title":"Shampoing \u00e0 picots - Ael Bien-\u00eatre","og_description":"Elabor\u00e9 sans sulfate, sans silicone &amp; sans paraben, le shampoing solide nettoie vos cheveux sans les agresser. Sa forme sp\u00e9cifique permet un massage agr\u00e9able du cuir chevelu. &nbsp; Respectueux de l&#8217;environnement, il\u00a0permet d&#8217;\u00e9viter la consommation de bouteille\u00a0plastique. Ce shampoing est tr\u00e8s \u00e9conomique car on utilise exactement ce dont on a besoin pour le lavage des [&hellip;]","og_url":"https:\/\/aelbienetre.fr\/index.php\/produit\/shampoing-a-picots\/","og_site_name":"Ael Bien-\u00eatre","article_publisher":"https:\/\/www.facebook.com\/profile.php?id=100089567651182","article_modified_time":"2023-09-23T12:24:50+00:00","og_image":[{"width":1280,"height":960,"url":"https:\/\/i0.wp.com\/aelbienetre.fr\/wp-content\/uploads\/2023\/03\/IMG_2395-scaled-e1690146088626.jpg?fit=1280%2C960&ssl=1","type":"image\/jpeg"}],"twitter_card":"summary_large_image","schema":{"@context":"https:\/\/schema.org","@graph":[{"@type":"WebPage","@id":"https:\/\/aelbienetre.fr\/index.php\/produit\/shampoing-a-picots\/","url":"https:\/\/aelbienetre.fr\/index.php\/produit\/shampoing-a-picots\/","name":"Shampoing \u00e0 picots - Ael Bien-\u00eatre","isPartOf":{"@id":"https:\/\/aelbienetre.fr\/#website"},"primaryImageOfPage":{"@id":"https:\/\/aelbienetre.fr\/index.php\/produit\/shampoing-a-picots\/#primaryimage"},"image":{"@id":"https:\/\/aelbienetre.fr\/index.php\/produit\/shampoing-a-picots\/#primaryimage"},"thumbnailUrl":"https:\/\/aelbienetre.fr\/wp-content\/uploads\/2023\/03\/IMG_2395-scaled-e1690146088626.jpg","datePublished":"2023-03-19T13:47:15+00:00","dateModified":"2023-09-23T12:24:50+00:00","breadcrumb":{"@id":"https:\/\/aelbienetre.fr\/index.php\/produit\/shampoing-a-picots\/#breadcrumb"},"inLanguage":"fr-FR","potentialAction":[{"@type":"ReadAction","target":["https:\/\/aelbienetre.fr\/index.php\/produit\/shampoing-a-picots\/"]}]},{"@type":"ImageObject","inLanguage":"fr-FR","@id":"https:\/\/aelbienetre.fr\/index.php\/produit\/shampoing-a-picots\/#primaryimage","url":"https:\/\/aelbienetre.fr\/wp-content\/uploads\/2023\/03\/IMG_2395-scaled-e1690146088626.jpg","contentUrl":"https:\/\/aelbienetre.fr\/wp-content\/uploads\/2023\/03\/IMG_2395-scaled-e1690146088626.jpg","width":1280,"height":960,"caption":"Shampoing \u00e0 picots"},{"@type":"BreadcrumbList","@id":"https:\/\/aelbienetre.fr\/index.php\/produit\/shampoing-a-picots\/#breadcrumb","itemListElement":[{"@type":"ListItem","position":1,"name":"Produits d\u00e9tente","item":"https:\/\/aelbienetre.fr\/index.php\/boutique\/"},{"@type":"ListItem","position":2,"name":"Shampoing \u00e0 picots"}]},{"@type":"WebSite","@id":"https:\/\/aelbienetre.fr\/#website","url":"https:\/\/aelbienetre.fr\/","name":"Ael Bien-\u00eatre","description":"Produits de bien-\u00eatre pour la douche et le bain","publisher":{"@id":"https:\/\/aelbienetre.fr\/#organization"},"potentialAction":[{"@type":"SearchAction","target":{"@type":"EntryPoint","urlTemplate":"https:\/\/aelbienetre.fr\/?s={search_term_string}"},"query-input":"required name=search_term_string"}],"inLanguage":"fr-FR"},{"@type":"Organization","@id":"https:\/\/aelbienetre.fr\/#organization","name":"Ael Bien-\u00eatre","url":"https:\/\/aelbienetre.fr\/","logo":{"@type":"ImageObject","inLanguage":"fr-FR","@id":"https:\/\/aelbienetre.fr\/#\/schema\/logo\/image\/","url":"https:\/\/aelbienetre.fr\/wp-content\/uploads\/2023\/03\/Logo.png","contentUrl":"https:\/\/aelbienetre.fr\/wp-content\/uploads\/2023\/03\/Logo.png","width":1200,"height":950,"caption":"Ael Bien-\u00eatre"},"image":{"@id":"https:\/\/aelbienetre.fr\/#\/schema\/logo\/image\/"},"sameAs":["https:\/\/www.facebook.com\/profile.php?id=100089567651182","https:\/\/www.pinterest.fr\/aelbienetre\/","https:\/\/www.instagram.com\/aelbienetre\/"]}]}},"jetpack_sharing_enabled":true,"jetpack-related-posts":[],"_links":{"self":[{"href":"https:\/\/aelbienetre.fr\/index.php\/wp-json\/wp\/v2\/product\/1446"}],"collection":[{"href":"https:\/\/aelbienetre.fr\/index.php\/wp-json\/wp\/v2\/product"}],"about":[{"href":"https:\/\/aelbienetre.fr\/index.php\/wp-json\/wp\/v2\/types\/product"}],"replies":[{"embeddable":true,"href":"https:\/\/aelbienetre.fr\/index.php\/wp-json\/wp\/v2\/comments?post=1446"}],"version-history":[{"count":3,"href":"https:\/\/aelbienetre.fr\/index.php\/wp-json\/wp\/v2\/product\/1446\/revisions"}],"predecessor-version":[{"id":2613,"href":"https:\/\/aelbienetre.fr\/index.php\/wp-json\/wp\/v2\/product\/1446\/revisions\/2613"}],"wp:featuredmedia":[{"embeddable":true,"href":"https:\/\/aelbienetre.fr\/index.php\/wp-json\/wp\/v2\/media\/1482"}],"wp:attachment":[{"href":"https:\/\/aelbienetre.fr\/index.php\/wp-json\/wp\/v2\/media?parent=1446"}],"wp:term":[{"taxonomy":"product_cat","embeddable":true,"href":"https:\/\/aelbienetre.fr\/index.php\/wp-json\/wp\/v2\/product_cat?post=1446"},{"taxonomy":"product_tag","embeddable":true,"href":"https:\/\/aelbienetre.fr\/index.php\/wp-json\/wp\/v2\/product_tag?post=1446"}],"curies":[{"name":"wp","href":"https:\/\/api.w.org\/{rel}","templated":true}]}}