{"id":1409,"date":"2023-03-19T14:47:10","date_gmt":"2023-03-19T13:47:10","guid":{"rendered":"https:\/\/aelbienetre.fr\/?post_type=product&#038;p=1409"},"modified":"2023-10-02T23:54:31","modified_gmt":"2023-10-02T21:54:31","slug":"savon-a-barbe","status":"publish","type":"product","link":"https:\/\/aelbienetre.fr\/index.php\/produit\/savon-a-barbe\/","title":{"rendered":"Savon \u00e0 barbe"},"content":{"rendered":"<pre class=\"western\"><span style=\"color: #000000;\"><span style=\"font-family: Times New Roman, serif;\"><span style=\"font-size: medium;\">Savon \u00e0 Barbe au mac\u00e9r\u00e2t de fucus, au parfum frais et vivifiant.<\/span><\/span><\/span>\r\n<span style=\"color: #000000;\">\u00a0<\/span>\r\n<span style=\"color: #000000;\"><span style=\"font-family: Times New Roman, serif;\"><span style=\"font-size: medium;\">Il est \u00e9conomique : il dure plusieurs mois !<\/span><\/span><\/span>\r\n<span style=\"color: #000000;\"><span style=\"font-family: Times New Roman, serif;\"><span style=\"font-size: medium;\">- Mac\u00e9r\u00e2t de fucus est riche en acides gras qui nourrissent et assouplissent la peau.\u00a0<\/span><\/span><\/span>\r\n<span style=\"color: #000000;\"><span style=\"font-family: Times New Roman, serif;\"><span style=\"font-size: medium;\">- Beurre de karit\u00e9 BIO poss\u00e8de des vertus hydratantes\u00a0 et cicatrisantes. Il r\u00e9pare les peaux irrit\u00e9es.\u00a0<\/span><\/span><\/span>\r\n<span style=\"color: #000000;\"><span style=\"font-family: Times New Roman, serif;\"><span style=\"font-size: medium;\">- l\u2019Huile de coco BIO nourrit et prot\u00e8ge, en formant une barri\u00e8re protectrice et pr\u00e9vient l\u2019irritation de la peau.<\/span><\/span><\/span>\r\n\r\n<span style=\"color: #000000;\"><span style=\"font-family: Times New Roman, serif;\"><span style=\"font-size: medium;\">120g. Produit en Bretagne<\/span><\/span><\/span><\/pre>\n<p align=\"LEFT\"><span style=\"color: #000000;\"><span style=\"font-family: Times New Roman, serif;\"><span style=\"font-size: medium;\"><strong>Poids<\/strong>\u00a0: bo\u00eete de 120g<\/span><\/span><\/span><\/p>\n<p align=\"LEFT\"><span style=\"color: #000000;\"><span style=\"font-family: Times New Roman, serif;\"><span style=\"font-size: medium;\"><strong>Conseils d\u2019utilisation<\/strong><\/span><\/span><\/span><\/p>\n<p align=\"LEFT\"><span style=\"color: #000000;\"><span style=\"font-family: Times New Roman, serif;\"><span style=\"font-size: medium;\">Nettoyez votre visage et appliquez une huile ou cr\u00e8me de pr\u00e9-rasage. <\/span><\/span><\/span><\/p>\n<p align=\"LEFT\"><span style=\"color: #000000;\"><span style=\"font-family: Times New Roman, serif;\"><span style=\"font-size: medium;\">Humidifiez votre blaireau et d\u00e9posez-le sur le savon \u00e0 barbe en effectuant des mouvements rotatifs pour le faire mousser. D\u00e9posez la mousse sur votre barbe , massez, laissez poser quelques secondes et effectuez le rasage. <\/span><\/span><\/span><\/p>\n<p align=\"LEFT\"><span style=\"color: #000000;\"><span style=\"font-family: Times New Roman, serif;\"><span style=\"font-size: medium;\">Rincez abondamment \u00e0 l\u2019eau ti\u00e8de et appliquez une lotion apr\u00e8s-rasage. <\/span><\/span><\/span><\/p>\n<p align=\"LEFT\"><span style=\"color: #000000;\"><span style=\"font-family: Times New Roman, serif;\"><span style=\"font-size: medium;\">Pensez \u00e0 bien hydrater votre peau apr\u00e8s le rasage avec une cr\u00e8me hydratante.<\/span><\/span><\/span><\/p>\n<p align=\"LEFT\"><span style=\"color: #000000;\"><span style=\"font-family: Times New Roman, serif;\"><span style=\"font-size: medium;\">En cas de contact avec les yeux, rincer \u00e0 l\u2019eau froide. Ne pas ing\u00e9rer.<\/span><\/span><\/span><\/p>\n<p align=\"LEFT\"><span style=\"color: #000000;\"><span style=\"font-family: Times New Roman, serif;\"><span style=\"font-size: medium;\">Ne convient pas \u00e0 un enfant de moins de 36 mois.<\/span><\/span><\/span><\/p>\n<p align=\"LEFT\"><span style=\"color: #000000;\"><span style=\"font-family: Times New Roman, serif;\"><span style=\"font-size: medium;\"><strong>Ingr\u00e9dients<\/strong><\/span><\/span><\/span><\/p>\n<p align=\"LEFT\"><span style=\"color: #000000;\"><span style=\"font-family: Times New Roman, serif;\"><span style=\"font-size: medium;\">Aqua, cocos nucifera oil*, stearic acid, palmitic acid, potassium hydroxide, butyrospermum parkii butter*, ricinus communis seed oil, sodium hydroxide, fragrance fucus vesiculosus extract.<br \/>\n*Ingr\u00e9dients issus de l&#8217;Agriculture Biologique. <\/span><\/span><\/span><\/p>\n<p align=\"LEFT\"><span style=\"color: #000000;\"><span style=\"font-family: Times New Roman, serif;\"><span style=\"font-size: medium;\">Fabriqu\u00e9 en Bretagne (22)<\/span><\/span><\/span><\/p>\n","protected":false},"excerpt":{"rendered":"<p>Savon \u00e0 Barbe au mac\u00e9r\u00e2t de fucus, au parfum frais et vivifiant. \u00a0 Il est \u00e9conomique : il dure plusieurs mois ! &#8211; Mac\u00e9r\u00e2t de fucus est riche en acides gras qui nourrissent et assouplissent la peau.\u00a0 &#8211; Beurre de karit\u00e9 BIO poss\u00e8de des vertus hydratantes\u00a0 et cicatrisantes. Il r\u00e9pare les peaux irrit\u00e9es.\u00a0 &#8211; l\u2019Huile [&hellip;]<\/p>\n","protected":false},"featured_media":1550,"comment_status":"open","ping_status":"closed","template":"","meta":[],"product_cat":[20,23],"product_tag":[],"yoast_head":"<!-- This site is optimized with the Yoast SEO plugin v23.2 - https:\/\/yoast.com\/wordpress\/plugins\/seo\/ -->\n<title>Savon \u00e0 barbe - Ael Bien-\u00eatre<\/title>\n<meta name=\"robots\" content=\"index, follow, max-snippet:-1, max-image-preview:large, max-video-preview:-1\" \/>\n<link rel=\"canonical\" href=\"https:\/\/aelbienetre.fr\/index.php\/produit\/savon-a-barbe\/\" \/>\n<meta property=\"og:locale\" content=\"fr_FR\" \/>\n<meta property=\"og:type\" content=\"article\" \/>\n<meta property=\"og:title\" content=\"Savon \u00e0 barbe - Ael Bien-\u00eatre\" \/>\n<meta property=\"og:description\" content=\"Savon \u00e0 Barbe au mac\u00e9r\u00e2t de fucus, au parfum frais et vivifiant. \u00a0 Il est \u00e9conomique : il dure plusieurs mois ! - Mac\u00e9r\u00e2t de fucus est riche en acides gras qui nourrissent et assouplissent la peau.\u00a0 - Beurre de karit\u00e9 BIO poss\u00e8de des vertus hydratantes\u00a0 et cicatrisantes. Il r\u00e9pare les peaux irrit\u00e9es.\u00a0 - l\u2019Huile [&hellip;]\" \/>\n<meta property=\"og:url\" content=\"https:\/\/aelbienetre.fr\/index.php\/produit\/savon-a-barbe\/\" \/>\n<meta property=\"og:site_name\" content=\"Ael Bien-\u00eatre\" \/>\n<meta property=\"article:publisher\" content=\"https:\/\/www.facebook.com\/profile.php?id=100089567651182\" \/>\n<meta property=\"article:modified_time\" content=\"2023-10-02T21:54:31+00:00\" \/>\n<meta property=\"og:image\" content=\"https:\/\/aelbienetre.fr\/wp-content\/uploads\/2023\/03\/savon-a-barbe-breizh-au-parfum-frais-et-vivifiant-au-macerat-de-fucus.jpg\" \/>\n\t<meta property=\"og:image:width\" content=\"800\" \/>\n\t<meta property=\"og:image:height\" content=\"800\" \/>\n\t<meta property=\"og:image:type\" content=\"image\/jpeg\" \/>\n<meta name=\"twitter:card\" content=\"summary_large_image\" \/>\n<meta name=\"twitter:label1\" content=\"Dur\u00e9e de lecture estim\u00e9e\" \/>\n\t<meta name=\"twitter:data1\" content=\"1 minute\" \/>\n<script type=\"application\/ld+json\" class=\"yoast-schema-graph\">{\"@context\":\"https:\/\/schema.org\",\"@graph\":[{\"@type\":\"WebPage\",\"@id\":\"https:\/\/aelbienetre.fr\/index.php\/produit\/savon-a-barbe\/\",\"url\":\"https:\/\/aelbienetre.fr\/index.php\/produit\/savon-a-barbe\/\",\"name\":\"Savon \u00e0 barbe - Ael Bien-\u00eatre\",\"isPartOf\":{\"@id\":\"https:\/\/aelbienetre.fr\/#website\"},\"primaryImageOfPage\":{\"@id\":\"https:\/\/aelbienetre.fr\/index.php\/produit\/savon-a-barbe\/#primaryimage\"},\"image\":{\"@id\":\"https:\/\/aelbienetre.fr\/index.php\/produit\/savon-a-barbe\/#primaryimage\"},\"thumbnailUrl\":\"https:\/\/aelbienetre.fr\/wp-content\/uploads\/2023\/03\/savon-a-barbe-breizh-au-parfum-frais-et-vivifiant-au-macerat-de-fucus.jpg\",\"datePublished\":\"2023-03-19T13:47:10+00:00\",\"dateModified\":\"2023-10-02T21:54:31+00:00\",\"breadcrumb\":{\"@id\":\"https:\/\/aelbienetre.fr\/index.php\/produit\/savon-a-barbe\/#breadcrumb\"},\"inLanguage\":\"fr-FR\",\"potentialAction\":[{\"@type\":\"ReadAction\",\"target\":[\"https:\/\/aelbienetre.fr\/index.php\/produit\/savon-a-barbe\/\"]}]},{\"@type\":\"ImageObject\",\"inLanguage\":\"fr-FR\",\"@id\":\"https:\/\/aelbienetre.fr\/index.php\/produit\/savon-a-barbe\/#primaryimage\",\"url\":\"https:\/\/aelbienetre.fr\/wp-content\/uploads\/2023\/03\/savon-a-barbe-breizh-au-parfum-frais-et-vivifiant-au-macerat-de-fucus.jpg\",\"contentUrl\":\"https:\/\/aelbienetre.fr\/wp-content\/uploads\/2023\/03\/savon-a-barbe-breizh-au-parfum-frais-et-vivifiant-au-macerat-de-fucus.jpg\",\"width\":800,\"height\":800,\"caption\":\"Savon \u00e0 barbe\"},{\"@type\":\"BreadcrumbList\",\"@id\":\"https:\/\/aelbienetre.fr\/index.php\/produit\/savon-a-barbe\/#breadcrumb\",\"itemListElement\":[{\"@type\":\"ListItem\",\"position\":1,\"name\":\"Produits d\u00e9tente\",\"item\":\"https:\/\/aelbienetre.fr\/index.php\/boutique\/\"},{\"@type\":\"ListItem\",\"position\":2,\"name\":\"Savon \u00e0 barbe\"}]},{\"@type\":\"WebSite\",\"@id\":\"https:\/\/aelbienetre.fr\/#website\",\"url\":\"https:\/\/aelbienetre.fr\/\",\"name\":\"Ael Bien-\u00eatre\",\"description\":\"Produits de bien-\u00eatre pour la douche et le bain\",\"publisher\":{\"@id\":\"https:\/\/aelbienetre.fr\/#organization\"},\"potentialAction\":[{\"@type\":\"SearchAction\",\"target\":{\"@type\":\"EntryPoint\",\"urlTemplate\":\"https:\/\/aelbienetre.fr\/?s={search_term_string}\"},\"query-input\":\"required name=search_term_string\"}],\"inLanguage\":\"fr-FR\"},{\"@type\":\"Organization\",\"@id\":\"https:\/\/aelbienetre.fr\/#organization\",\"name\":\"Ael Bien-\u00eatre\",\"url\":\"https:\/\/aelbienetre.fr\/\",\"logo\":{\"@type\":\"ImageObject\",\"inLanguage\":\"fr-FR\",\"@id\":\"https:\/\/aelbienetre.fr\/#\/schema\/logo\/image\/\",\"url\":\"https:\/\/aelbienetre.fr\/wp-content\/uploads\/2023\/03\/Logo.png\",\"contentUrl\":\"https:\/\/aelbienetre.fr\/wp-content\/uploads\/2023\/03\/Logo.png\",\"width\":1200,\"height\":950,\"caption\":\"Ael Bien-\u00eatre\"},\"image\":{\"@id\":\"https:\/\/aelbienetre.fr\/#\/schema\/logo\/image\/\"},\"sameAs\":[\"https:\/\/www.facebook.com\/profile.php?id=100089567651182\",\"https:\/\/www.pinterest.fr\/aelbienetre\/\",\"https:\/\/www.instagram.com\/aelbienetre\/\"]}]}<\/script>\n<!-- \/ Yoast SEO plugin. -->","yoast_head_json":{"title":"Savon \u00e0 barbe - Ael Bien-\u00eatre","robots":{"index":"index","follow":"follow","max-snippet":"max-snippet:-1","max-image-preview":"max-image-preview:large","max-video-preview":"max-video-preview:-1"},"canonical":"https:\/\/aelbienetre.fr\/index.php\/produit\/savon-a-barbe\/","og_locale":"fr_FR","og_type":"article","og_title":"Savon \u00e0 barbe - Ael Bien-\u00eatre","og_description":"Savon \u00e0 Barbe au mac\u00e9r\u00e2t de fucus, au parfum frais et vivifiant. \u00a0 Il est \u00e9conomique : il dure plusieurs mois ! - Mac\u00e9r\u00e2t de fucus est riche en acides gras qui nourrissent et assouplissent la peau.\u00a0 - Beurre de karit\u00e9 BIO poss\u00e8de des vertus hydratantes\u00a0 et cicatrisantes. Il r\u00e9pare les peaux irrit\u00e9es.\u00a0 - l\u2019Huile [&hellip;]","og_url":"https:\/\/aelbienetre.fr\/index.php\/produit\/savon-a-barbe\/","og_site_name":"Ael Bien-\u00eatre","article_publisher":"https:\/\/www.facebook.com\/profile.php?id=100089567651182","article_modified_time":"2023-10-02T21:54:31+00:00","og_image":[{"width":800,"height":800,"url":"https:\/\/aelbienetre.fr\/wp-content\/uploads\/2023\/03\/savon-a-barbe-breizh-au-parfum-frais-et-vivifiant-au-macerat-de-fucus.jpg","type":"image\/jpeg"}],"twitter_card":"summary_large_image","twitter_misc":{"Dur\u00e9e de lecture estim\u00e9e":"1 minute"},"schema":{"@context":"https:\/\/schema.org","@graph":[{"@type":"WebPage","@id":"https:\/\/aelbienetre.fr\/index.php\/produit\/savon-a-barbe\/","url":"https:\/\/aelbienetre.fr\/index.php\/produit\/savon-a-barbe\/","name":"Savon \u00e0 barbe - Ael Bien-\u00eatre","isPartOf":{"@id":"https:\/\/aelbienetre.fr\/#website"},"primaryImageOfPage":{"@id":"https:\/\/aelbienetre.fr\/index.php\/produit\/savon-a-barbe\/#primaryimage"},"image":{"@id":"https:\/\/aelbienetre.fr\/index.php\/produit\/savon-a-barbe\/#primaryimage"},"thumbnailUrl":"https:\/\/aelbienetre.fr\/wp-content\/uploads\/2023\/03\/savon-a-barbe-breizh-au-parfum-frais-et-vivifiant-au-macerat-de-fucus.jpg","datePublished":"2023-03-19T13:47:10+00:00","dateModified":"2023-10-02T21:54:31+00:00","breadcrumb":{"@id":"https:\/\/aelbienetre.fr\/index.php\/produit\/savon-a-barbe\/#breadcrumb"},"inLanguage":"fr-FR","potentialAction":[{"@type":"ReadAction","target":["https:\/\/aelbienetre.fr\/index.php\/produit\/savon-a-barbe\/"]}]},{"@type":"ImageObject","inLanguage":"fr-FR","@id":"https:\/\/aelbienetre.fr\/index.php\/produit\/savon-a-barbe\/#primaryimage","url":"https:\/\/aelbienetre.fr\/wp-content\/uploads\/2023\/03\/savon-a-barbe-breizh-au-parfum-frais-et-vivifiant-au-macerat-de-fucus.jpg","contentUrl":"https:\/\/aelbienetre.fr\/wp-content\/uploads\/2023\/03\/savon-a-barbe-breizh-au-parfum-frais-et-vivifiant-au-macerat-de-fucus.jpg","width":800,"height":800,"caption":"Savon \u00e0 barbe"},{"@type":"BreadcrumbList","@id":"https:\/\/aelbienetre.fr\/index.php\/produit\/savon-a-barbe\/#breadcrumb","itemListElement":[{"@type":"ListItem","position":1,"name":"Produits d\u00e9tente","item":"https:\/\/aelbienetre.fr\/index.php\/boutique\/"},{"@type":"ListItem","position":2,"name":"Savon \u00e0 barbe"}]},{"@type":"WebSite","@id":"https:\/\/aelbienetre.fr\/#website","url":"https:\/\/aelbienetre.fr\/","name":"Ael Bien-\u00eatre","description":"Produits de bien-\u00eatre pour la douche et le bain","publisher":{"@id":"https:\/\/aelbienetre.fr\/#organization"},"potentialAction":[{"@type":"SearchAction","target":{"@type":"EntryPoint","urlTemplate":"https:\/\/aelbienetre.fr\/?s={search_term_string}"},"query-input":"required name=search_term_string"}],"inLanguage":"fr-FR"},{"@type":"Organization","@id":"https:\/\/aelbienetre.fr\/#organization","name":"Ael Bien-\u00eatre","url":"https:\/\/aelbienetre.fr\/","logo":{"@type":"ImageObject","inLanguage":"fr-FR","@id":"https:\/\/aelbienetre.fr\/#\/schema\/logo\/image\/","url":"https:\/\/aelbienetre.fr\/wp-content\/uploads\/2023\/03\/Logo.png","contentUrl":"https:\/\/aelbienetre.fr\/wp-content\/uploads\/2023\/03\/Logo.png","width":1200,"height":950,"caption":"Ael Bien-\u00eatre"},"image":{"@id":"https:\/\/aelbienetre.fr\/#\/schema\/logo\/image\/"},"sameAs":["https:\/\/www.facebook.com\/profile.php?id=100089567651182","https:\/\/www.pinterest.fr\/aelbienetre\/","https:\/\/www.instagram.com\/aelbienetre\/"]}]}},"jetpack_sharing_enabled":true,"jetpack-related-posts":[],"_links":{"self":[{"href":"https:\/\/aelbienetre.fr\/index.php\/wp-json\/wp\/v2\/product\/1409"}],"collection":[{"href":"https:\/\/aelbienetre.fr\/index.php\/wp-json\/wp\/v2\/product"}],"about":[{"href":"https:\/\/aelbienetre.fr\/index.php\/wp-json\/wp\/v2\/types\/product"}],"replies":[{"embeddable":true,"href":"https:\/\/aelbienetre.fr\/index.php\/wp-json\/wp\/v2\/comments?post=1409"}],"version-history":[{"count":3,"href":"https:\/\/aelbienetre.fr\/index.php\/wp-json\/wp\/v2\/product\/1409\/revisions"}],"predecessor-version":[{"id":3241,"href":"https:\/\/aelbienetre.fr\/index.php\/wp-json\/wp\/v2\/product\/1409\/revisions\/3241"}],"wp:featuredmedia":[{"embeddable":true,"href":"https:\/\/aelbienetre.fr\/index.php\/wp-json\/wp\/v2\/media\/1550"}],"wp:attachment":[{"href":"https:\/\/aelbienetre.fr\/index.php\/wp-json\/wp\/v2\/media?parent=1409"}],"wp:term":[{"taxonomy":"product_cat","embeddable":true,"href":"https:\/\/aelbienetre.fr\/index.php\/wp-json\/wp\/v2\/product_cat?post=1409"},{"taxonomy":"product_tag","embeddable":true,"href":"https:\/\/aelbienetre.fr\/index.php\/wp-json\/wp\/v2\/product_tag?post=1409"}],"curies":[{"name":"wp","href":"https:\/\/api.w.org\/{rel}","templated":true}]}}