{"id":1369,"date":"2023-03-19T14:47:00","date_gmt":"2023-03-19T13:47:00","guid":{"rendered":"https:\/\/aelbienetre.fr\/?post_type=product&#038;p=1369"},"modified":"2026-02-08T16:14:51","modified_gmt":"2026-02-08T15:14:51","slug":"savon-galet","status":"publish","type":"product","link":"https:\/\/aelbienetre.fr\/index.php\/produit\/savon-galet\/","title":{"rendered":"Savon galet"},"content":{"rendered":"<p>Et si vous collectionnez les galets dans votre salle de bain !<\/p>\n<p>&nbsp;<\/p>\n<p>Galet de savon \u00e0 la fraise de Plougastel : tonifiant et r\u00e9g\u00e9n\u00e9rant avec un parfum sucr\u00e9 et dynamisant.<\/p>\n<p>Galet de savon Bain de mer : rafra\u00eechissant et vivifiant<\/p>\n<p>Galet de savon exfoliant au bl\u00e9 noir pour tout types de peaux<\/p>\n<p>Galet de savon au caramel au beurre sal\u00e9 pour peaux s\u00e8ches, ab\u00eem\u00e9es et sensibles<\/p>\n<p>Galet de savon \u00e0 la m\u00fbre de Bretagne pour peaux matures, s\u00e8ches et sensibles<\/p>\n<p>Galet de savon au Kouign amann pour tout types de peaux<\/p>\n<p>&nbsp;<\/p>\n<p>galet de 100g.<\/p>\n<p>Fabrication de savon 100% artisanale et bretonne \u2013 Non test\u00e9 sur les animaux<\/p>\n","protected":false},"excerpt":{"rendered":"<p>Et si vous collectionnez les galets dans votre salle de bain ! &nbsp; Galet de savon \u00e0 la fraise de Plougastel : tonifiant et r\u00e9g\u00e9n\u00e9rant avec un parfum sucr\u00e9 et dynamisant. Galet de savon Bain de mer : rafra\u00eechissant et vivifiant Galet de savon exfoliant au bl\u00e9 noir pour tout types de peaux Galet de [&hellip;]<\/p>\n","protected":false},"featured_media":1569,"comment_status":"open","ping_status":"closed","template":"","meta":[],"product_cat":[20,22],"product_tag":[],"yoast_head":"<!-- This site is optimized with the Yoast SEO plugin v23.2 - https:\/\/yoast.com\/wordpress\/plugins\/seo\/ -->\n<title>Savon galet - Ael Bien-\u00eatre<\/title>\n<meta name=\"robots\" content=\"index, follow, max-snippet:-1, max-image-preview:large, max-video-preview:-1\" \/>\n<link rel=\"canonical\" href=\"https:\/\/aelbienetre.fr\/index.php\/produit\/savon-galet\/\" \/>\n<meta property=\"og:locale\" content=\"fr_FR\" \/>\n<meta property=\"og:type\" content=\"article\" \/>\n<meta property=\"og:title\" content=\"Savon galet - Ael Bien-\u00eatre\" \/>\n<meta property=\"og:description\" content=\"Et si vous collectionnez les galets dans votre salle de bain ! &nbsp; Galet de savon \u00e0 la fraise de Plougastel : tonifiant et r\u00e9g\u00e9n\u00e9rant avec un parfum sucr\u00e9 et dynamisant. Galet de savon Bain de mer : rafra\u00eechissant et vivifiant Galet de savon exfoliant au bl\u00e9 noir pour tout types de peaux Galet de [&hellip;]\" \/>\n<meta property=\"og:url\" content=\"https:\/\/aelbienetre.fr\/index.php\/produit\/savon-galet\/\" \/>\n<meta property=\"og:site_name\" content=\"Ael Bien-\u00eatre\" \/>\n<meta property=\"article:publisher\" content=\"https:\/\/www.facebook.com\/profile.php?id=100089567651182\" \/>\n<meta property=\"article:modified_time\" content=\"2026-02-08T15:14:51+00:00\" \/>\n<meta property=\"og:image\" content=\"https:\/\/aelbienetre.fr\/wp-content\/uploads\/2023\/03\/galet-de-savon-au-caramel-1-e1689286625200.jpg\" \/>\n\t<meta property=\"og:image:width\" content=\"800\" \/>\n\t<meta property=\"og:image:height\" content=\"800\" \/>\n\t<meta property=\"og:image:type\" content=\"image\/jpeg\" \/>\n<meta name=\"twitter:card\" content=\"summary_large_image\" \/>\n<meta name=\"twitter:label1\" content=\"Dur\u00e9e de lecture estim\u00e9e\" \/>\n\t<meta name=\"twitter:data1\" content=\"1 minute\" \/>\n<script type=\"application\/ld+json\" class=\"yoast-schema-graph\">{\"@context\":\"https:\/\/schema.org\",\"@graph\":[{\"@type\":\"WebPage\",\"@id\":\"https:\/\/aelbienetre.fr\/index.php\/produit\/savon-galet\/\",\"url\":\"https:\/\/aelbienetre.fr\/index.php\/produit\/savon-galet\/\",\"name\":\"Savon galet - Ael Bien-\u00eatre\",\"isPartOf\":{\"@id\":\"https:\/\/aelbienetre.fr\/#website\"},\"primaryImageOfPage\":{\"@id\":\"https:\/\/aelbienetre.fr\/index.php\/produit\/savon-galet\/#primaryimage\"},\"image\":{\"@id\":\"https:\/\/aelbienetre.fr\/index.php\/produit\/savon-galet\/#primaryimage\"},\"thumbnailUrl\":\"https:\/\/aelbienetre.fr\/wp-content\/uploads\/2023\/03\/galet-de-savon-au-caramel-1-e1689286625200.jpg\",\"datePublished\":\"2023-03-19T13:47:00+00:00\",\"dateModified\":\"2026-02-08T15:14:51+00:00\",\"breadcrumb\":{\"@id\":\"https:\/\/aelbienetre.fr\/index.php\/produit\/savon-galet\/#breadcrumb\"},\"inLanguage\":\"fr-FR\",\"potentialAction\":[{\"@type\":\"ReadAction\",\"target\":[\"https:\/\/aelbienetre.fr\/index.php\/produit\/savon-galet\/\"]}]},{\"@type\":\"ImageObject\",\"inLanguage\":\"fr-FR\",\"@id\":\"https:\/\/aelbienetre.fr\/index.php\/produit\/savon-galet\/#primaryimage\",\"url\":\"https:\/\/aelbienetre.fr\/wp-content\/uploads\/2023\/03\/galet-de-savon-au-caramel-1-e1689286625200.jpg\",\"contentUrl\":\"https:\/\/aelbienetre.fr\/wp-content\/uploads\/2023\/03\/galet-de-savon-au-caramel-1-e1689286625200.jpg\",\"width\":800,\"height\":800,\"caption\":\"Savon galet\"},{\"@type\":\"BreadcrumbList\",\"@id\":\"https:\/\/aelbienetre.fr\/index.php\/produit\/savon-galet\/#breadcrumb\",\"itemListElement\":[{\"@type\":\"ListItem\",\"position\":1,\"name\":\"Produits d\u00e9tente\",\"item\":\"https:\/\/aelbienetre.fr\/index.php\/boutique\/\"},{\"@type\":\"ListItem\",\"position\":2,\"name\":\"Savon galet\"}]},{\"@type\":\"WebSite\",\"@id\":\"https:\/\/aelbienetre.fr\/#website\",\"url\":\"https:\/\/aelbienetre.fr\/\",\"name\":\"Ael Bien-\u00eatre\",\"description\":\"Produits de bien-\u00eatre pour la douche et le bain\",\"publisher\":{\"@id\":\"https:\/\/aelbienetre.fr\/#organization\"},\"potentialAction\":[{\"@type\":\"SearchAction\",\"target\":{\"@type\":\"EntryPoint\",\"urlTemplate\":\"https:\/\/aelbienetre.fr\/?s={search_term_string}\"},\"query-input\":\"required name=search_term_string\"}],\"inLanguage\":\"fr-FR\"},{\"@type\":\"Organization\",\"@id\":\"https:\/\/aelbienetre.fr\/#organization\",\"name\":\"Ael Bien-\u00eatre\",\"url\":\"https:\/\/aelbienetre.fr\/\",\"logo\":{\"@type\":\"ImageObject\",\"inLanguage\":\"fr-FR\",\"@id\":\"https:\/\/aelbienetre.fr\/#\/schema\/logo\/image\/\",\"url\":\"https:\/\/aelbienetre.fr\/wp-content\/uploads\/2023\/03\/Logo.png\",\"contentUrl\":\"https:\/\/aelbienetre.fr\/wp-content\/uploads\/2023\/03\/Logo.png\",\"width\":1200,\"height\":950,\"caption\":\"Ael Bien-\u00eatre\"},\"image\":{\"@id\":\"https:\/\/aelbienetre.fr\/#\/schema\/logo\/image\/\"},\"sameAs\":[\"https:\/\/www.facebook.com\/profile.php?id=100089567651182\",\"https:\/\/www.pinterest.fr\/aelbienetre\/\",\"https:\/\/www.instagram.com\/aelbienetre\/\"]}]}<\/script>\n<!-- \/ Yoast SEO plugin. -->","yoast_head_json":{"title":"Savon galet - Ael Bien-\u00eatre","robots":{"index":"index","follow":"follow","max-snippet":"max-snippet:-1","max-image-preview":"max-image-preview:large","max-video-preview":"max-video-preview:-1"},"canonical":"https:\/\/aelbienetre.fr\/index.php\/produit\/savon-galet\/","og_locale":"fr_FR","og_type":"article","og_title":"Savon galet - Ael Bien-\u00eatre","og_description":"Et si vous collectionnez les galets dans votre salle de bain ! &nbsp; Galet de savon \u00e0 la fraise de Plougastel : tonifiant et r\u00e9g\u00e9n\u00e9rant avec un parfum sucr\u00e9 et dynamisant. Galet de savon Bain de mer : rafra\u00eechissant et vivifiant Galet de savon exfoliant au bl\u00e9 noir pour tout types de peaux Galet de [&hellip;]","og_url":"https:\/\/aelbienetre.fr\/index.php\/produit\/savon-galet\/","og_site_name":"Ael Bien-\u00eatre","article_publisher":"https:\/\/www.facebook.com\/profile.php?id=100089567651182","article_modified_time":"2026-02-08T15:14:51+00:00","og_image":[{"width":800,"height":800,"url":"https:\/\/aelbienetre.fr\/wp-content\/uploads\/2023\/03\/galet-de-savon-au-caramel-1-e1689286625200.jpg","type":"image\/jpeg"}],"twitter_card":"summary_large_image","twitter_misc":{"Dur\u00e9e de lecture estim\u00e9e":"1 minute"},"schema":{"@context":"https:\/\/schema.org","@graph":[{"@type":"WebPage","@id":"https:\/\/aelbienetre.fr\/index.php\/produit\/savon-galet\/","url":"https:\/\/aelbienetre.fr\/index.php\/produit\/savon-galet\/","name":"Savon galet - Ael Bien-\u00eatre","isPartOf":{"@id":"https:\/\/aelbienetre.fr\/#website"},"primaryImageOfPage":{"@id":"https:\/\/aelbienetre.fr\/index.php\/produit\/savon-galet\/#primaryimage"},"image":{"@id":"https:\/\/aelbienetre.fr\/index.php\/produit\/savon-galet\/#primaryimage"},"thumbnailUrl":"https:\/\/aelbienetre.fr\/wp-content\/uploads\/2023\/03\/galet-de-savon-au-caramel-1-e1689286625200.jpg","datePublished":"2023-03-19T13:47:00+00:00","dateModified":"2026-02-08T15:14:51+00:00","breadcrumb":{"@id":"https:\/\/aelbienetre.fr\/index.php\/produit\/savon-galet\/#breadcrumb"},"inLanguage":"fr-FR","potentialAction":[{"@type":"ReadAction","target":["https:\/\/aelbienetre.fr\/index.php\/produit\/savon-galet\/"]}]},{"@type":"ImageObject","inLanguage":"fr-FR","@id":"https:\/\/aelbienetre.fr\/index.php\/produit\/savon-galet\/#primaryimage","url":"https:\/\/aelbienetre.fr\/wp-content\/uploads\/2023\/03\/galet-de-savon-au-caramel-1-e1689286625200.jpg","contentUrl":"https:\/\/aelbienetre.fr\/wp-content\/uploads\/2023\/03\/galet-de-savon-au-caramel-1-e1689286625200.jpg","width":800,"height":800,"caption":"Savon galet"},{"@type":"BreadcrumbList","@id":"https:\/\/aelbienetre.fr\/index.php\/produit\/savon-galet\/#breadcrumb","itemListElement":[{"@type":"ListItem","position":1,"name":"Produits d\u00e9tente","item":"https:\/\/aelbienetre.fr\/index.php\/boutique\/"},{"@type":"ListItem","position":2,"name":"Savon galet"}]},{"@type":"WebSite","@id":"https:\/\/aelbienetre.fr\/#website","url":"https:\/\/aelbienetre.fr\/","name":"Ael Bien-\u00eatre","description":"Produits de bien-\u00eatre pour la douche et le bain","publisher":{"@id":"https:\/\/aelbienetre.fr\/#organization"},"potentialAction":[{"@type":"SearchAction","target":{"@type":"EntryPoint","urlTemplate":"https:\/\/aelbienetre.fr\/?s={search_term_string}"},"query-input":"required name=search_term_string"}],"inLanguage":"fr-FR"},{"@type":"Organization","@id":"https:\/\/aelbienetre.fr\/#organization","name":"Ael Bien-\u00eatre","url":"https:\/\/aelbienetre.fr\/","logo":{"@type":"ImageObject","inLanguage":"fr-FR","@id":"https:\/\/aelbienetre.fr\/#\/schema\/logo\/image\/","url":"https:\/\/aelbienetre.fr\/wp-content\/uploads\/2023\/03\/Logo.png","contentUrl":"https:\/\/aelbienetre.fr\/wp-content\/uploads\/2023\/03\/Logo.png","width":1200,"height":950,"caption":"Ael Bien-\u00eatre"},"image":{"@id":"https:\/\/aelbienetre.fr\/#\/schema\/logo\/image\/"},"sameAs":["https:\/\/www.facebook.com\/profile.php?id=100089567651182","https:\/\/www.pinterest.fr\/aelbienetre\/","https:\/\/www.instagram.com\/aelbienetre\/"]}]}},"jetpack_sharing_enabled":true,"jetpack-related-posts":[],"_links":{"self":[{"href":"https:\/\/aelbienetre.fr\/index.php\/wp-json\/wp\/v2\/product\/1369"}],"collection":[{"href":"https:\/\/aelbienetre.fr\/index.php\/wp-json\/wp\/v2\/product"}],"about":[{"href":"https:\/\/aelbienetre.fr\/index.php\/wp-json\/wp\/v2\/types\/product"}],"replies":[{"embeddable":true,"href":"https:\/\/aelbienetre.fr\/index.php\/wp-json\/wp\/v2\/comments?post=1369"}],"version-history":[{"count":2,"href":"https:\/\/aelbienetre.fr\/index.php\/wp-json\/wp\/v2\/product\/1369\/revisions"}],"predecessor-version":[{"id":2693,"href":"https:\/\/aelbienetre.fr\/index.php\/wp-json\/wp\/v2\/product\/1369\/revisions\/2693"}],"wp:featuredmedia":[{"embeddable":true,"href":"https:\/\/aelbienetre.fr\/index.php\/wp-json\/wp\/v2\/media\/1569"}],"wp:attachment":[{"href":"https:\/\/aelbienetre.fr\/index.php\/wp-json\/wp\/v2\/media?parent=1369"}],"wp:term":[{"taxonomy":"product_cat","embeddable":true,"href":"https:\/\/aelbienetre.fr\/index.php\/wp-json\/wp\/v2\/product_cat?post=1369"},{"taxonomy":"product_tag","embeddable":true,"href":"https:\/\/aelbienetre.fr\/index.php\/wp-json\/wp\/v2\/product_tag?post=1369"}],"curies":[{"name":"wp","href":"https:\/\/api.w.org\/{rel}","templated":true}]}}

<p>Et si vous collectionnez les galets dans votre salle de bain !</p>
<p>&nbsp;</p>
<p>Galet de savon à la fraise de Plougastel : tonifiant et régénérant avec un parfum sucré et dynamisant.</p>
<p>Galet de savon Bain de mer : rafraîchissant et vivifiant</p>
<p>Galet de savon exfoliant au blé noir pour tout types de peaux</p>
<p>Galet de savon au caramel au beurre salé pour peaux sèches, abîmées et sensibles</p>
<p>Galet de savon à la mûre de Bretagne pour peaux matures, sèches et sensibles</p>
<p>Galet de savon au Kouign amann pour tout types de peaux</p>
<p>&nbsp;</p>
<p>galet de 100g.</p>
<p>Fabrication de savon 100% artisanale et bretonne – Non testé sur les animaux</p>

<p>Et si vous collectionnez les galets dans votre salle de bain ! &nbsp; Galet de savon à la fraise de Plougastel : tonifiant et régénérant avec un parfum sucré et dynamisant. Galet de savon Bain de mer : rafraîchissant et vivifiant Galet de savon exfoliant au blé noir pour tout types de peaux Galet de [&hellip;]</p>

<!-- This site is optimized with the Yoast SEO plugin v23.2 - https://yoast.com/wordpress/plugins/seo/ -->
<title>Savon galet - Ael Bien-être</title>
<meta name="robots" content="index, follow, max-snippet:-1, max-image-preview:large, max-video-preview:-1" />
<link rel="canonical" href="https://aelbienetre.fr/index.php/produit/savon-galet/" />
<meta property="og:locale" content="fr_FR" />
<meta property="og:type" content="article" />
<meta property="og:title" content="Savon galet - Ael Bien-être" />
<meta property="og:description" content="Et si vous collectionnez les galets dans votre salle de bain ! &nbsp; Galet de savon à la fraise de Plougastel : tonifiant et régénérant avec un parfum sucré et dynamisant. Galet de savon Bain de mer : rafraîchissant et vivifiant Galet de savon exfoliant au blé noir pour tout types de peaux Galet de [&hellip;]" />
<meta property="og:url" content="https://aelbienetre.fr/index.php/produit/savon-galet/" />
<meta property="og:site_name" content="Ael Bien-être" />
<meta property="article:publisher" content="https://www.facebook.com/profile.php?id=100089567651182" />
<meta property="article:modified_time" content="2026-02-08T15:14:51+00:00" />
<meta property="og:image" content="https://aelbienetre.fr/wp-content/uploads/2023/03/galet-de-savon-au-caramel-1-e1689286625200.jpg" />
	<meta property="og:image:width" content="800" />
	<meta property="og:image:height" content="800" />
	<meta property="og:image:type" content="image/jpeg" />
<meta name="twitter:card" content="summary_large_image" />
<meta name="twitter:label1" content="Durée de lecture estimée" />
	<meta name="twitter:data1" content="1 minute" />
<script type="application/ld+json" class="yoast-schema-graph">{"@context":"https://schema.org","@graph":[{"@type":"WebPage","@id":"https://aelbienetre.fr/index.php/produit/savon-galet/","url":"https://aelbienetre.fr/index.php/produit/savon-galet/","name":"Savon galet - Ael Bien-être","isPartOf":{"@id":"https://aelbienetre.fr/#website"},"primaryImageOfPage":{"@id":"https://aelbienetre.fr/index.php/produit/savon-galet/#primaryimage"},"image":{"@id":"https://aelbienetre.fr/index.php/produit/savon-galet/#primaryimage"},"thumbnailUrl":"https://aelbienetre.fr/wp-content/uploads/2023/03/galet-de-savon-au-caramel-1-e1689286625200.jpg","datePublished":"2023-03-19T13:47:00+00:00","dateModified":"2026-02-08T15:14:51+00:00","breadcrumb":{"@id":"https://aelbienetre.fr/index.php/produit/savon-galet/#breadcrumb"},"inLanguage":"fr-FR","potentialAction":[{"@type":"ReadAction","target":["https://aelbienetre.fr/index.php/produit/savon-galet/"]}]},{"@type":"ImageObject","inLanguage":"fr-FR","@id":"https://aelbienetre.fr/index.php/produit/savon-galet/#primaryimage","url":"https://aelbienetre.fr/wp-content/uploads/2023/03/galet-de-savon-au-caramel-1-e1689286625200.jpg","contentUrl":"https://aelbienetre.fr/wp-content/uploads/2023/03/galet-de-savon-au-caramel-1-e1689286625200.jpg","width":800,"height":800,"caption":"Savon galet"},{"@type":"BreadcrumbList","@id":"https://aelbienetre.fr/index.php/produit/savon-galet/#breadcrumb","itemListElement":[{"@type":"ListItem","position":1,"name":"Produits détente","item":"https://aelbienetre.fr/index.php/boutique/"},{"@type":"ListItem","position":2,"name":"Savon galet"}]},{"@type":"WebSite","@id":"https://aelbienetre.fr/#website","url":"https://aelbienetre.fr/","name":"Ael Bien-être","description":"Produits de bien-être pour la douche et le bain","publisher":{"@id":"https://aelbienetre.fr/#organization"},"potentialAction":[{"@type":"SearchAction","target":{"@type":"EntryPoint","urlTemplate":"https://aelbienetre.fr/?s={search_term_string}"},"query-input":"required name=search_term_string"}],"inLanguage":"fr-FR"},{"@type":"Organization","@id":"https://aelbienetre.fr/#organization","name":"Ael Bien-être","url":"https://aelbienetre.fr/","logo":{"@type":"ImageObject","inLanguage":"fr-FR","@id":"https://aelbienetre.fr/#/schema/logo/image/","url":"https://aelbienetre.fr/wp-content/uploads/2023/03/Logo.png","contentUrl":"https://aelbienetre.fr/wp-content/uploads/2023/03/Logo.png","width":1200,"height":950,"caption":"Ael Bien-être"},"image":{"@id":"https://aelbienetre.fr/#/schema/logo/image/"},"sameAs":["https://www.facebook.com/profile.php?id=100089567651182","https://www.pinterest.fr/aelbienetre/","https://www.instagram.com/aelbienetre/"]}]}</script>
<!-- / Yoast SEO plugin. -->

Savon galet - Ael Bien-être

Et si vous collectionnez les galets dans votre salle de bain ! &nbsp; Galet de savon à la fraise de Plougastel : tonifiant et régénérant avec un parfum sucré et dynamisant. Galet de savon Bain de mer : rafraîchissant et vivifiant Galet de savon exfoliant au blé noir pour tout types de peaux Galet de [&hellip;]

Ael Bien-être

Produits détente

Produits de bien-être pour la douche et le bain
