{"id":1340,"date":"2023-03-19T14:46:54","date_gmt":"2023-03-19T13:46:54","guid":{"rendered":"https:\/\/aelbienetre.fr\/?post_type=product&#038;p=1340"},"modified":"2023-12-09T10:58:31","modified_gmt":"2023-12-09T09:58:31","slug":"savon-artisanal-melt-pour","status":"publish","type":"product","link":"https:\/\/aelbienetre.fr\/index.php\/produit\/savon-artisanal-melt-pour\/","title":{"rendered":"Savon artisanal melt &#038; pour"},"content":{"rendered":"<p>Fabriqu\u00e9\u00a0\u00e0 partir d&#8217;ingr\u00e9dients de qualit\u00e9 selon la m\u00e9thode de melt and pour, avec des parfums \u00e9tonnants et de belle couleurs. Parfait pour nettoyer, nourrir et hydrater vos mains et corps.<\/p>\n<p>&nbsp;<\/p>\n<p>Fabrication artisanale en UE : les couleurs et design peuvent varier\u00a0l\u00e9g\u00e8rement.<br \/>\nLes tranches de savons \u00e9tant coup\u00e9es \u00e0 la main, par nos soins, ne seront\u00a0pas r\u00e9guli\u00e8res. Les tranches de savons p\u00e8sent entre 130-140g.<\/p>\n<p>Nous vous conseillons de stocker votre tranche de savon dans un sachet \u00e0 savon.<\/p>\n","protected":false},"excerpt":{"rendered":"<p>Fabriqu\u00e9\u00a0\u00e0 partir d&#8217;ingr\u00e9dients de qualit\u00e9 selon la m\u00e9thode de melt and pour, avec des parfums \u00e9tonnants et de belle couleurs. Parfait pour nettoyer, nourrir et hydrater vos mains et corps. &nbsp; Fabrication artisanale en UE : les couleurs et design peuvent varier\u00a0l\u00e9g\u00e8rement. Les tranches de savons \u00e9tant coup\u00e9es \u00e0 la main, par nos soins, ne [&hellip;]<\/p>\n","protected":false},"featured_media":1739,"comment_status":"open","ping_status":"closed","template":"","meta":[],"product_cat":[22],"product_tag":[],"yoast_head":"<!-- This site is optimized with the Yoast SEO plugin v23.2 - https:\/\/yoast.com\/wordpress\/plugins\/seo\/ -->\n<title>Savon artisanal melt &amp; pour - Ael Bien-\u00eatre<\/title>\n<meta name=\"robots\" content=\"index, follow, max-snippet:-1, max-image-preview:large, max-video-preview:-1\" \/>\n<link rel=\"canonical\" href=\"https:\/\/aelbienetre.fr\/index.php\/produit\/savon-artisanal-melt-pour\/\" \/>\n<meta property=\"og:locale\" content=\"fr_FR\" \/>\n<meta property=\"og:type\" content=\"article\" \/>\n<meta property=\"og:title\" content=\"Savon artisanal melt &amp; pour - Ael Bien-\u00eatre\" \/>\n<meta property=\"og:description\" content=\"Fabriqu\u00e9\u00a0\u00e0 partir d&#8217;ingr\u00e9dients de qualit\u00e9 selon la m\u00e9thode de melt and pour, avec des parfums \u00e9tonnants et de belle couleurs. Parfait pour nettoyer, nourrir et hydrater vos mains et corps. &nbsp; Fabrication artisanale en UE : les couleurs et design peuvent varier\u00a0l\u00e9g\u00e8rement. Les tranches de savons \u00e9tant coup\u00e9es \u00e0 la main, par nos soins, ne [&hellip;]\" \/>\n<meta property=\"og:url\" content=\"https:\/\/aelbienetre.fr\/index.php\/produit\/savon-artisanal-melt-pour\/\" \/>\n<meta property=\"og:site_name\" content=\"Ael Bien-\u00eatre\" \/>\n<meta property=\"article:publisher\" content=\"https:\/\/www.facebook.com\/profile.php?id=100089567651182\" \/>\n<meta property=\"article:modified_time\" content=\"2023-12-09T09:58:31+00:00\" \/>\n<meta property=\"og:image\" content=\"https:\/\/i0.wp.com\/aelbienetre.fr\/wp-content\/uploads\/2023\/03\/IMG_2491-scaled-e1690009760977.jpg?fit=1280%2C960&ssl=1\" \/>\n\t<meta property=\"og:image:width\" content=\"1280\" \/>\n\t<meta property=\"og:image:height\" content=\"960\" \/>\n\t<meta property=\"og:image:type\" content=\"image\/jpeg\" \/>\n<meta name=\"twitter:card\" content=\"summary_large_image\" \/>\n<script type=\"application\/ld+json\" class=\"yoast-schema-graph\">{\"@context\":\"https:\/\/schema.org\",\"@graph\":[{\"@type\":\"WebPage\",\"@id\":\"https:\/\/aelbienetre.fr\/index.php\/produit\/savon-artisanal-melt-pour\/\",\"url\":\"https:\/\/aelbienetre.fr\/index.php\/produit\/savon-artisanal-melt-pour\/\",\"name\":\"Savon artisanal melt & pour - Ael Bien-\u00eatre\",\"isPartOf\":{\"@id\":\"https:\/\/aelbienetre.fr\/#website\"},\"primaryImageOfPage\":{\"@id\":\"https:\/\/aelbienetre.fr\/index.php\/produit\/savon-artisanal-melt-pour\/#primaryimage\"},\"image\":{\"@id\":\"https:\/\/aelbienetre.fr\/index.php\/produit\/savon-artisanal-melt-pour\/#primaryimage\"},\"thumbnailUrl\":\"https:\/\/aelbienetre.fr\/wp-content\/uploads\/2023\/03\/IMG_2491-scaled-e1690009760977.jpg\",\"datePublished\":\"2023-03-19T13:46:54+00:00\",\"dateModified\":\"2023-12-09T09:58:31+00:00\",\"breadcrumb\":{\"@id\":\"https:\/\/aelbienetre.fr\/index.php\/produit\/savon-artisanal-melt-pour\/#breadcrumb\"},\"inLanguage\":\"fr-FR\",\"potentialAction\":[{\"@type\":\"ReadAction\",\"target\":[\"https:\/\/aelbienetre.fr\/index.php\/produit\/savon-artisanal-melt-pour\/\"]}]},{\"@type\":\"ImageObject\",\"inLanguage\":\"fr-FR\",\"@id\":\"https:\/\/aelbienetre.fr\/index.php\/produit\/savon-artisanal-melt-pour\/#primaryimage\",\"url\":\"https:\/\/aelbienetre.fr\/wp-content\/uploads\/2023\/03\/IMG_2491-scaled-e1690009760977.jpg\",\"contentUrl\":\"https:\/\/aelbienetre.fr\/wp-content\/uploads\/2023\/03\/IMG_2491-scaled-e1690009760977.jpg\",\"width\":1280,\"height\":960,\"caption\":\"Savon artisanal\"},{\"@type\":\"BreadcrumbList\",\"@id\":\"https:\/\/aelbienetre.fr\/index.php\/produit\/savon-artisanal-melt-pour\/#breadcrumb\",\"itemListElement\":[{\"@type\":\"ListItem\",\"position\":1,\"name\":\"Produits d\u00e9tente\",\"item\":\"https:\/\/aelbienetre.fr\/index.php\/boutique\/\"},{\"@type\":\"ListItem\",\"position\":2,\"name\":\"Savon artisanal melt &#038; pour\"}]},{\"@type\":\"WebSite\",\"@id\":\"https:\/\/aelbienetre.fr\/#website\",\"url\":\"https:\/\/aelbienetre.fr\/\",\"name\":\"Ael Bien-\u00eatre\",\"description\":\"Produits de bien-\u00eatre pour la douche et le bain\",\"publisher\":{\"@id\":\"https:\/\/aelbienetre.fr\/#organization\"},\"potentialAction\":[{\"@type\":\"SearchAction\",\"target\":{\"@type\":\"EntryPoint\",\"urlTemplate\":\"https:\/\/aelbienetre.fr\/?s={search_term_string}\"},\"query-input\":\"required name=search_term_string\"}],\"inLanguage\":\"fr-FR\"},{\"@type\":\"Organization\",\"@id\":\"https:\/\/aelbienetre.fr\/#organization\",\"name\":\"Ael Bien-\u00eatre\",\"url\":\"https:\/\/aelbienetre.fr\/\",\"logo\":{\"@type\":\"ImageObject\",\"inLanguage\":\"fr-FR\",\"@id\":\"https:\/\/aelbienetre.fr\/#\/schema\/logo\/image\/\",\"url\":\"https:\/\/aelbienetre.fr\/wp-content\/uploads\/2023\/03\/Logo.png\",\"contentUrl\":\"https:\/\/aelbienetre.fr\/wp-content\/uploads\/2023\/03\/Logo.png\",\"width\":1200,\"height\":950,\"caption\":\"Ael Bien-\u00eatre\"},\"image\":{\"@id\":\"https:\/\/aelbienetre.fr\/#\/schema\/logo\/image\/\"},\"sameAs\":[\"https:\/\/www.facebook.com\/profile.php?id=100089567651182\",\"https:\/\/www.pinterest.fr\/aelbienetre\/\",\"https:\/\/www.instagram.com\/aelbienetre\/\"]}]}<\/script>\n<!-- \/ Yoast SEO plugin. -->","yoast_head_json":{"title":"Savon artisanal melt & pour - Ael Bien-\u00eatre","robots":{"index":"index","follow":"follow","max-snippet":"max-snippet:-1","max-image-preview":"max-image-preview:large","max-video-preview":"max-video-preview:-1"},"canonical":"https:\/\/aelbienetre.fr\/index.php\/produit\/savon-artisanal-melt-pour\/","og_locale":"fr_FR","og_type":"article","og_title":"Savon artisanal melt & pour - Ael Bien-\u00eatre","og_description":"Fabriqu\u00e9\u00a0\u00e0 partir d&#8217;ingr\u00e9dients de qualit\u00e9 selon la m\u00e9thode de melt and pour, avec des parfums \u00e9tonnants et de belle couleurs. Parfait pour nettoyer, nourrir et hydrater vos mains et corps. &nbsp; Fabrication artisanale en UE : les couleurs et design peuvent varier\u00a0l\u00e9g\u00e8rement. Les tranches de savons \u00e9tant coup\u00e9es \u00e0 la main, par nos soins, ne [&hellip;]","og_url":"https:\/\/aelbienetre.fr\/index.php\/produit\/savon-artisanal-melt-pour\/","og_site_name":"Ael Bien-\u00eatre","article_publisher":"https:\/\/www.facebook.com\/profile.php?id=100089567651182","article_modified_time":"2023-12-09T09:58:31+00:00","og_image":[{"width":1280,"height":960,"url":"https:\/\/i0.wp.com\/aelbienetre.fr\/wp-content\/uploads\/2023\/03\/IMG_2491-scaled-e1690009760977.jpg?fit=1280%2C960&ssl=1","type":"image\/jpeg"}],"twitter_card":"summary_large_image","schema":{"@context":"https:\/\/schema.org","@graph":[{"@type":"WebPage","@id":"https:\/\/aelbienetre.fr\/index.php\/produit\/savon-artisanal-melt-pour\/","url":"https:\/\/aelbienetre.fr\/index.php\/produit\/savon-artisanal-melt-pour\/","name":"Savon artisanal melt & pour - Ael Bien-\u00eatre","isPartOf":{"@id":"https:\/\/aelbienetre.fr\/#website"},"primaryImageOfPage":{"@id":"https:\/\/aelbienetre.fr\/index.php\/produit\/savon-artisanal-melt-pour\/#primaryimage"},"image":{"@id":"https:\/\/aelbienetre.fr\/index.php\/produit\/savon-artisanal-melt-pour\/#primaryimage"},"thumbnailUrl":"https:\/\/aelbienetre.fr\/wp-content\/uploads\/2023\/03\/IMG_2491-scaled-e1690009760977.jpg","datePublished":"2023-03-19T13:46:54+00:00","dateModified":"2023-12-09T09:58:31+00:00","breadcrumb":{"@id":"https:\/\/aelbienetre.fr\/index.php\/produit\/savon-artisanal-melt-pour\/#breadcrumb"},"inLanguage":"fr-FR","potentialAction":[{"@type":"ReadAction","target":["https:\/\/aelbienetre.fr\/index.php\/produit\/savon-artisanal-melt-pour\/"]}]},{"@type":"ImageObject","inLanguage":"fr-FR","@id":"https:\/\/aelbienetre.fr\/index.php\/produit\/savon-artisanal-melt-pour\/#primaryimage","url":"https:\/\/aelbienetre.fr\/wp-content\/uploads\/2023\/03\/IMG_2491-scaled-e1690009760977.jpg","contentUrl":"https:\/\/aelbienetre.fr\/wp-content\/uploads\/2023\/03\/IMG_2491-scaled-e1690009760977.jpg","width":1280,"height":960,"caption":"Savon artisanal"},{"@type":"BreadcrumbList","@id":"https:\/\/aelbienetre.fr\/index.php\/produit\/savon-artisanal-melt-pour\/#breadcrumb","itemListElement":[{"@type":"ListItem","position":1,"name":"Produits d\u00e9tente","item":"https:\/\/aelbienetre.fr\/index.php\/boutique\/"},{"@type":"ListItem","position":2,"name":"Savon artisanal melt &#038; pour"}]},{"@type":"WebSite","@id":"https:\/\/aelbienetre.fr\/#website","url":"https:\/\/aelbienetre.fr\/","name":"Ael Bien-\u00eatre","description":"Produits de bien-\u00eatre pour la douche et le bain","publisher":{"@id":"https:\/\/aelbienetre.fr\/#organization"},"potentialAction":[{"@type":"SearchAction","target":{"@type":"EntryPoint","urlTemplate":"https:\/\/aelbienetre.fr\/?s={search_term_string}"},"query-input":"required name=search_term_string"}],"inLanguage":"fr-FR"},{"@type":"Organization","@id":"https:\/\/aelbienetre.fr\/#organization","name":"Ael Bien-\u00eatre","url":"https:\/\/aelbienetre.fr\/","logo":{"@type":"ImageObject","inLanguage":"fr-FR","@id":"https:\/\/aelbienetre.fr\/#\/schema\/logo\/image\/","url":"https:\/\/aelbienetre.fr\/wp-content\/uploads\/2023\/03\/Logo.png","contentUrl":"https:\/\/aelbienetre.fr\/wp-content\/uploads\/2023\/03\/Logo.png","width":1200,"height":950,"caption":"Ael Bien-\u00eatre"},"image":{"@id":"https:\/\/aelbienetre.fr\/#\/schema\/logo\/image\/"},"sameAs":["https:\/\/www.facebook.com\/profile.php?id=100089567651182","https:\/\/www.pinterest.fr\/aelbienetre\/","https:\/\/www.instagram.com\/aelbienetre\/"]}]}},"jetpack_sharing_enabled":true,"jetpack-related-posts":[],"_links":{"self":[{"href":"https:\/\/aelbienetre.fr\/index.php\/wp-json\/wp\/v2\/product\/1340"}],"collection":[{"href":"https:\/\/aelbienetre.fr\/index.php\/wp-json\/wp\/v2\/product"}],"about":[{"href":"https:\/\/aelbienetre.fr\/index.php\/wp-json\/wp\/v2\/types\/product"}],"replies":[{"embeddable":true,"href":"https:\/\/aelbienetre.fr\/index.php\/wp-json\/wp\/v2\/comments?post=1340"}],"version-history":[{"count":1,"href":"https:\/\/aelbienetre.fr\/index.php\/wp-json\/wp\/v2\/product\/1340\/revisions"}],"predecessor-version":[{"id":2645,"href":"https:\/\/aelbienetre.fr\/index.php\/wp-json\/wp\/v2\/product\/1340\/revisions\/2645"}],"wp:featuredmedia":[{"embeddable":true,"href":"https:\/\/aelbienetre.fr\/index.php\/wp-json\/wp\/v2\/media\/1739"}],"wp:attachment":[{"href":"https:\/\/aelbienetre.fr\/index.php\/wp-json\/wp\/v2\/media?parent=1340"}],"wp:term":[{"taxonomy":"product_cat","embeddable":true,"href":"https:\/\/aelbienetre.fr\/index.php\/wp-json\/wp\/v2\/product_cat?post=1340"},{"taxonomy":"product_tag","embeddable":true,"href":"https:\/\/aelbienetre.fr\/index.php\/wp-json\/wp\/v2\/product_tag?post=1340"}],"curies":[{"name":"wp","href":"https:\/\/api.w.org\/{rel}","templated":true}]}}

<p>Fabriqué à partir d&#8217;ingrédients de qualité selon la méthode de melt and pour, avec des parfums étonnants et de belle couleurs. Parfait pour nettoyer, nourrir et hydrater vos mains et corps.</p>
<p>&nbsp;</p>
<p>Fabrication artisanale en UE : les couleurs et design peuvent varier légèrement.<br />
Les tranches de savons étant coupées à la main, par nos soins, ne seront pas régulières. Les tranches de savons pèsent entre 130-140g.</p>
<p>Nous vous conseillons de stocker votre tranche de savon dans un sachet à savon.</p>

<p>Fabriqué à partir d&#8217;ingrédients de qualité selon la méthode de melt and pour, avec des parfums étonnants et de belle couleurs. Parfait pour nettoyer, nourrir et hydrater vos mains et corps. &nbsp; Fabrication artisanale en UE : les couleurs et design peuvent varier légèrement. Les tranches de savons étant coupées à la main, par nos soins, ne [&hellip;]</p>

<!-- This site is optimized with the Yoast SEO plugin v23.2 - https://yoast.com/wordpress/plugins/seo/ -->
<title>Savon artisanal melt &amp; pour - Ael Bien-être</title>
<meta name="robots" content="index, follow, max-snippet:-1, max-image-preview:large, max-video-preview:-1" />
<link rel="canonical" href="https://aelbienetre.fr/index.php/produit/savon-artisanal-melt-pour/" />
<meta property="og:locale" content="fr_FR" />
<meta property="og:type" content="article" />
<meta property="og:title" content="Savon artisanal melt &amp; pour - Ael Bien-être" />
<meta property="og:description" content="Fabriqué à partir d&#8217;ingrédients de qualité selon la méthode de melt and pour, avec des parfums étonnants et de belle couleurs. Parfait pour nettoyer, nourrir et hydrater vos mains et corps. &nbsp; Fabrication artisanale en UE : les couleurs et design peuvent varier légèrement. Les tranches de savons étant coupées à la main, par nos soins, ne [&hellip;]" />
<meta property="og:url" content="https://aelbienetre.fr/index.php/produit/savon-artisanal-melt-pour/" />
<meta property="og:site_name" content="Ael Bien-être" />
<meta property="article:publisher" content="https://www.facebook.com/profile.php?id=100089567651182" />
<meta property="article:modified_time" content="2023-12-09T09:58:31+00:00" />
<meta property="og:image" content="https://i0.wp.com/aelbienetre.fr/wp-content/uploads/2023/03/IMG_2491-scaled-e1690009760977.jpg?fit=1280%2C960&ssl=1" />
	<meta property="og:image:width" content="1280" />
	<meta property="og:image:height" content="960" />
	<meta property="og:image:type" content="image/jpeg" />
<meta name="twitter:card" content="summary_large_image" />
<script type="application/ld+json" class="yoast-schema-graph">{"@context":"https://schema.org","@graph":[{"@type":"WebPage","@id":"https://aelbienetre.fr/index.php/produit/savon-artisanal-melt-pour/","url":"https://aelbienetre.fr/index.php/produit/savon-artisanal-melt-pour/","name":"Savon artisanal melt & pour - Ael Bien-être","isPartOf":{"@id":"https://aelbienetre.fr/#website"},"primaryImageOfPage":{"@id":"https://aelbienetre.fr/index.php/produit/savon-artisanal-melt-pour/#primaryimage"},"image":{"@id":"https://aelbienetre.fr/index.php/produit/savon-artisanal-melt-pour/#primaryimage"},"thumbnailUrl":"https://aelbienetre.fr/wp-content/uploads/2023/03/IMG_2491-scaled-e1690009760977.jpg","datePublished":"2023-03-19T13:46:54+00:00","dateModified":"2023-12-09T09:58:31+00:00","breadcrumb":{"@id":"https://aelbienetre.fr/index.php/produit/savon-artisanal-melt-pour/#breadcrumb"},"inLanguage":"fr-FR","potentialAction":[{"@type":"ReadAction","target":["https://aelbienetre.fr/index.php/produit/savon-artisanal-melt-pour/"]}]},{"@type":"ImageObject","inLanguage":"fr-FR","@id":"https://aelbienetre.fr/index.php/produit/savon-artisanal-melt-pour/#primaryimage","url":"https://aelbienetre.fr/wp-content/uploads/2023/03/IMG_2491-scaled-e1690009760977.jpg","contentUrl":"https://aelbienetre.fr/wp-content/uploads/2023/03/IMG_2491-scaled-e1690009760977.jpg","width":1280,"height":960,"caption":"Savon artisanal"},{"@type":"BreadcrumbList","@id":"https://aelbienetre.fr/index.php/produit/savon-artisanal-melt-pour/#breadcrumb","itemListElement":[{"@type":"ListItem","position":1,"name":"Produits détente","item":"https://aelbienetre.fr/index.php/boutique/"},{"@type":"ListItem","position":2,"name":"Savon artisanal melt &#038; pour"}]},{"@type":"WebSite","@id":"https://aelbienetre.fr/#website","url":"https://aelbienetre.fr/","name":"Ael Bien-être","description":"Produits de bien-être pour la douche et le bain","publisher":{"@id":"https://aelbienetre.fr/#organization"},"potentialAction":[{"@type":"SearchAction","target":{"@type":"EntryPoint","urlTemplate":"https://aelbienetre.fr/?s={search_term_string}"},"query-input":"required name=search_term_string"}],"inLanguage":"fr-FR"},{"@type":"Organization","@id":"https://aelbienetre.fr/#organization","name":"Ael Bien-être","url":"https://aelbienetre.fr/","logo":{"@type":"ImageObject","inLanguage":"fr-FR","@id":"https://aelbienetre.fr/#/schema/logo/image/","url":"https://aelbienetre.fr/wp-content/uploads/2023/03/Logo.png","contentUrl":"https://aelbienetre.fr/wp-content/uploads/2023/03/Logo.png","width":1200,"height":950,"caption":"Ael Bien-être"},"image":{"@id":"https://aelbienetre.fr/#/schema/logo/image/"},"sameAs":["https://www.facebook.com/profile.php?id=100089567651182","https://www.pinterest.fr/aelbienetre/","https://www.instagram.com/aelbienetre/"]}]}</script>
<!-- / Yoast SEO plugin. -->

Savon artisanal melt & pour - Ael Bien-être

Fabriqué à partir d&#8217;ingrédients de qualité selon la méthode de melt and pour, avec des parfums étonnants et de belle couleurs. Parfait pour nettoyer, nourrir et hydrater vos mains et corps. &nbsp; Fabrication artisanale en UE : les couleurs et design peuvent varier légèrement. Les tranches de savons étant coupées à la main, par nos soins, ne [&hellip;]

Ael Bien-être

Produits détente

Produits de bien-être pour la douche et le bain
