{"id":1332,"date":"2023-03-19T14:46:54","date_gmt":"2023-03-19T13:46:54","guid":{"rendered":"https:\/\/aelbienetre.fr\/?post_type=product&#038;p=1332"},"modified":"2023-10-25T19:55:40","modified_gmt":"2023-10-25T17:55:40","slug":"savon-artisanal-collection-gourmande","status":"publish","type":"product","link":"https:\/\/aelbienetre.fr\/index.php\/produit\/savon-artisanal-collection-gourmande\/","title":{"rendered":"Savon artisanal collection gourmande"},"content":{"rendered":"<p>Savon fabriqu\u00e9 artisanalement \u00e0 la main, \u00e0 partir d&#8217;ingr\u00e9dients soigneusement s\u00e9lectionn\u00e9s.<\/p>\n<p>&nbsp;<\/p>\n<p>Les tranches de savons \u00e9tant coup\u00e9es \u00e0 la main, par nos soins, ne seront\u00a0pas r\u00e9guli\u00e8res.\u00a0Les tranches de savons p\u00e8sent\u00a0environ 100-120g.<\/p>\n<p>&nbsp;<\/p>\n<p>Nous vous conseillons de stocker votre tranche de savon dans un sachet \u00e0 savon.<\/p>\n<p>&nbsp;<\/p>\n","protected":false},"excerpt":{"rendered":"<p>Savon fabriqu\u00e9 artisanalement \u00e0 la main, \u00e0 partir d&#8217;ingr\u00e9dients soigneusement s\u00e9lectionn\u00e9s. &nbsp; Les tranches de savons \u00e9tant coup\u00e9es \u00e0 la main, par nos soins, ne seront\u00a0pas r\u00e9guli\u00e8res.\u00a0Les tranches de savons p\u00e8sent\u00a0environ 100-120g. &nbsp; Nous vous conseillons de stocker votre tranche de savon dans un sachet \u00e0 savon. &nbsp;<\/p>\n","protected":false},"featured_media":1798,"comment_status":"open","ping_status":"closed","template":"","meta":[],"product_cat":[22],"product_tag":[],"yoast_head":"<!-- This site is optimized with the Yoast SEO plugin v23.2 - https:\/\/yoast.com\/wordpress\/plugins\/seo\/ -->\n<title>Savon artisanal collection gourmande - Ael Bien-\u00eatre<\/title>\n<meta name=\"robots\" content=\"index, follow, max-snippet:-1, max-image-preview:large, max-video-preview:-1\" \/>\n<link rel=\"canonical\" href=\"https:\/\/aelbienetre.fr\/index.php\/produit\/savon-artisanal-collection-gourmande\/\" \/>\n<meta property=\"og:locale\" content=\"fr_FR\" \/>\n<meta property=\"og:type\" content=\"article\" \/>\n<meta property=\"og:title\" content=\"Savon artisanal collection gourmande - Ael Bien-\u00eatre\" \/>\n<meta property=\"og:description\" content=\"Savon fabriqu\u00e9 artisanalement \u00e0 la main, \u00e0 partir d&#8217;ingr\u00e9dients soigneusement s\u00e9lectionn\u00e9s. &nbsp; Les tranches de savons \u00e9tant coup\u00e9es \u00e0 la main, par nos soins, ne seront\u00a0pas r\u00e9guli\u00e8res.\u00a0Les tranches de savons p\u00e8sent\u00a0environ 100-120g. &nbsp; Nous vous conseillons de stocker votre tranche de savon dans un sachet \u00e0 savon. &nbsp;\" \/>\n<meta property=\"og:url\" content=\"https:\/\/aelbienetre.fr\/index.php\/produit\/savon-artisanal-collection-gourmande\/\" \/>\n<meta property=\"og:site_name\" content=\"Ael Bien-\u00eatre\" \/>\n<meta property=\"article:publisher\" content=\"https:\/\/www.facebook.com\/profile.php?id=100089567651182\" \/>\n<meta property=\"article:modified_time\" content=\"2023-10-25T17:55:40+00:00\" \/>\n<meta property=\"og:image\" content=\"https:\/\/i0.wp.com\/aelbienetre.fr\/wp-content\/uploads\/2023\/03\/souvenirs-denfance-e1689201515523.jpeg?fit=600%2C422&ssl=1\" \/>\n\t<meta property=\"og:image:width\" content=\"600\" \/>\n\t<meta property=\"og:image:height\" content=\"422\" \/>\n\t<meta property=\"og:image:type\" content=\"image\/jpeg\" \/>\n<meta name=\"twitter:card\" content=\"summary_large_image\" \/>\n<script type=\"application\/ld+json\" class=\"yoast-schema-graph\">{\"@context\":\"https:\/\/schema.org\",\"@graph\":[{\"@type\":\"WebPage\",\"@id\":\"https:\/\/aelbienetre.fr\/index.php\/produit\/savon-artisanal-collection-gourmande\/\",\"url\":\"https:\/\/aelbienetre.fr\/index.php\/produit\/savon-artisanal-collection-gourmande\/\",\"name\":\"Savon artisanal collection gourmande - Ael Bien-\u00eatre\",\"isPartOf\":{\"@id\":\"https:\/\/aelbienetre.fr\/#website\"},\"primaryImageOfPage\":{\"@id\":\"https:\/\/aelbienetre.fr\/index.php\/produit\/savon-artisanal-collection-gourmande\/#primaryimage\"},\"image\":{\"@id\":\"https:\/\/aelbienetre.fr\/index.php\/produit\/savon-artisanal-collection-gourmande\/#primaryimage\"},\"thumbnailUrl\":\"https:\/\/aelbienetre.fr\/wp-content\/uploads\/2023\/03\/souvenirs-denfance-e1689201515523.jpeg\",\"datePublished\":\"2023-03-19T13:46:54+00:00\",\"dateModified\":\"2023-10-25T17:55:40+00:00\",\"breadcrumb\":{\"@id\":\"https:\/\/aelbienetre.fr\/index.php\/produit\/savon-artisanal-collection-gourmande\/#breadcrumb\"},\"inLanguage\":\"fr-FR\",\"potentialAction\":[{\"@type\":\"ReadAction\",\"target\":[\"https:\/\/aelbienetre.fr\/index.php\/produit\/savon-artisanal-collection-gourmande\/\"]}]},{\"@type\":\"ImageObject\",\"inLanguage\":\"fr-FR\",\"@id\":\"https:\/\/aelbienetre.fr\/index.php\/produit\/savon-artisanal-collection-gourmande\/#primaryimage\",\"url\":\"https:\/\/aelbienetre.fr\/wp-content\/uploads\/2023\/03\/souvenirs-denfance-e1689201515523.jpeg\",\"contentUrl\":\"https:\/\/aelbienetre.fr\/wp-content\/uploads\/2023\/03\/souvenirs-denfance-e1689201515523.jpeg\",\"width\":600,\"height\":422,\"caption\":\"Savon artisanal\"},{\"@type\":\"BreadcrumbList\",\"@id\":\"https:\/\/aelbienetre.fr\/index.php\/produit\/savon-artisanal-collection-gourmande\/#breadcrumb\",\"itemListElement\":[{\"@type\":\"ListItem\",\"position\":1,\"name\":\"Produits d\u00e9tente\",\"item\":\"https:\/\/aelbienetre.fr\/index.php\/boutique\/\"},{\"@type\":\"ListItem\",\"position\":2,\"name\":\"Savon artisanal collection gourmande\"}]},{\"@type\":\"WebSite\",\"@id\":\"https:\/\/aelbienetre.fr\/#website\",\"url\":\"https:\/\/aelbienetre.fr\/\",\"name\":\"Ael Bien-\u00eatre\",\"description\":\"Produits de bien-\u00eatre pour la douche et le bain\",\"publisher\":{\"@id\":\"https:\/\/aelbienetre.fr\/#organization\"},\"potentialAction\":[{\"@type\":\"SearchAction\",\"target\":{\"@type\":\"EntryPoint\",\"urlTemplate\":\"https:\/\/aelbienetre.fr\/?s={search_term_string}\"},\"query-input\":\"required name=search_term_string\"}],\"inLanguage\":\"fr-FR\"},{\"@type\":\"Organization\",\"@id\":\"https:\/\/aelbienetre.fr\/#organization\",\"name\":\"Ael Bien-\u00eatre\",\"url\":\"https:\/\/aelbienetre.fr\/\",\"logo\":{\"@type\":\"ImageObject\",\"inLanguage\":\"fr-FR\",\"@id\":\"https:\/\/aelbienetre.fr\/#\/schema\/logo\/image\/\",\"url\":\"https:\/\/aelbienetre.fr\/wp-content\/uploads\/2023\/03\/Logo.png\",\"contentUrl\":\"https:\/\/aelbienetre.fr\/wp-content\/uploads\/2023\/03\/Logo.png\",\"width\":1200,\"height\":950,\"caption\":\"Ael Bien-\u00eatre\"},\"image\":{\"@id\":\"https:\/\/aelbienetre.fr\/#\/schema\/logo\/image\/\"},\"sameAs\":[\"https:\/\/www.facebook.com\/profile.php?id=100089567651182\",\"https:\/\/www.pinterest.fr\/aelbienetre\/\",\"https:\/\/www.instagram.com\/aelbienetre\/\"]}]}<\/script>\n<!-- \/ Yoast SEO plugin. -->","yoast_head_json":{"title":"Savon artisanal collection gourmande - Ael Bien-\u00eatre","robots":{"index":"index","follow":"follow","max-snippet":"max-snippet:-1","max-image-preview":"max-image-preview:large","max-video-preview":"max-video-preview:-1"},"canonical":"https:\/\/aelbienetre.fr\/index.php\/produit\/savon-artisanal-collection-gourmande\/","og_locale":"fr_FR","og_type":"article","og_title":"Savon artisanal collection gourmande - Ael Bien-\u00eatre","og_description":"Savon fabriqu\u00e9 artisanalement \u00e0 la main, \u00e0 partir d&#8217;ingr\u00e9dients soigneusement s\u00e9lectionn\u00e9s. &nbsp; Les tranches de savons \u00e9tant coup\u00e9es \u00e0 la main, par nos soins, ne seront\u00a0pas r\u00e9guli\u00e8res.\u00a0Les tranches de savons p\u00e8sent\u00a0environ 100-120g. &nbsp; Nous vous conseillons de stocker votre tranche de savon dans un sachet \u00e0 savon. &nbsp;","og_url":"https:\/\/aelbienetre.fr\/index.php\/produit\/savon-artisanal-collection-gourmande\/","og_site_name":"Ael Bien-\u00eatre","article_publisher":"https:\/\/www.facebook.com\/profile.php?id=100089567651182","article_modified_time":"2023-10-25T17:55:40+00:00","og_image":[{"width":600,"height":422,"url":"https:\/\/i0.wp.com\/aelbienetre.fr\/wp-content\/uploads\/2023\/03\/souvenirs-denfance-e1689201515523.jpeg?fit=600%2C422&ssl=1","type":"image\/jpeg"}],"twitter_card":"summary_large_image","schema":{"@context":"https:\/\/schema.org","@graph":[{"@type":"WebPage","@id":"https:\/\/aelbienetre.fr\/index.php\/produit\/savon-artisanal-collection-gourmande\/","url":"https:\/\/aelbienetre.fr\/index.php\/produit\/savon-artisanal-collection-gourmande\/","name":"Savon artisanal collection gourmande - Ael Bien-\u00eatre","isPartOf":{"@id":"https:\/\/aelbienetre.fr\/#website"},"primaryImageOfPage":{"@id":"https:\/\/aelbienetre.fr\/index.php\/produit\/savon-artisanal-collection-gourmande\/#primaryimage"},"image":{"@id":"https:\/\/aelbienetre.fr\/index.php\/produit\/savon-artisanal-collection-gourmande\/#primaryimage"},"thumbnailUrl":"https:\/\/aelbienetre.fr\/wp-content\/uploads\/2023\/03\/souvenirs-denfance-e1689201515523.jpeg","datePublished":"2023-03-19T13:46:54+00:00","dateModified":"2023-10-25T17:55:40+00:00","breadcrumb":{"@id":"https:\/\/aelbienetre.fr\/index.php\/produit\/savon-artisanal-collection-gourmande\/#breadcrumb"},"inLanguage":"fr-FR","potentialAction":[{"@type":"ReadAction","target":["https:\/\/aelbienetre.fr\/index.php\/produit\/savon-artisanal-collection-gourmande\/"]}]},{"@type":"ImageObject","inLanguage":"fr-FR","@id":"https:\/\/aelbienetre.fr\/index.php\/produit\/savon-artisanal-collection-gourmande\/#primaryimage","url":"https:\/\/aelbienetre.fr\/wp-content\/uploads\/2023\/03\/souvenirs-denfance-e1689201515523.jpeg","contentUrl":"https:\/\/aelbienetre.fr\/wp-content\/uploads\/2023\/03\/souvenirs-denfance-e1689201515523.jpeg","width":600,"height":422,"caption":"Savon artisanal"},{"@type":"BreadcrumbList","@id":"https:\/\/aelbienetre.fr\/index.php\/produit\/savon-artisanal-collection-gourmande\/#breadcrumb","itemListElement":[{"@type":"ListItem","position":1,"name":"Produits d\u00e9tente","item":"https:\/\/aelbienetre.fr\/index.php\/boutique\/"},{"@type":"ListItem","position":2,"name":"Savon artisanal collection gourmande"}]},{"@type":"WebSite","@id":"https:\/\/aelbienetre.fr\/#website","url":"https:\/\/aelbienetre.fr\/","name":"Ael Bien-\u00eatre","description":"Produits de bien-\u00eatre pour la douche et le bain","publisher":{"@id":"https:\/\/aelbienetre.fr\/#organization"},"potentialAction":[{"@type":"SearchAction","target":{"@type":"EntryPoint","urlTemplate":"https:\/\/aelbienetre.fr\/?s={search_term_string}"},"query-input":"required name=search_term_string"}],"inLanguage":"fr-FR"},{"@type":"Organization","@id":"https:\/\/aelbienetre.fr\/#organization","name":"Ael Bien-\u00eatre","url":"https:\/\/aelbienetre.fr\/","logo":{"@type":"ImageObject","inLanguage":"fr-FR","@id":"https:\/\/aelbienetre.fr\/#\/schema\/logo\/image\/","url":"https:\/\/aelbienetre.fr\/wp-content\/uploads\/2023\/03\/Logo.png","contentUrl":"https:\/\/aelbienetre.fr\/wp-content\/uploads\/2023\/03\/Logo.png","width":1200,"height":950,"caption":"Ael Bien-\u00eatre"},"image":{"@id":"https:\/\/aelbienetre.fr\/#\/schema\/logo\/image\/"},"sameAs":["https:\/\/www.facebook.com\/profile.php?id=100089567651182","https:\/\/www.pinterest.fr\/aelbienetre\/","https:\/\/www.instagram.com\/aelbienetre\/"]}]}},"jetpack_sharing_enabled":true,"jetpack-related-posts":[],"_links":{"self":[{"href":"https:\/\/aelbienetre.fr\/index.php\/wp-json\/wp\/v2\/product\/1332"}],"collection":[{"href":"https:\/\/aelbienetre.fr\/index.php\/wp-json\/wp\/v2\/product"}],"about":[{"href":"https:\/\/aelbienetre.fr\/index.php\/wp-json\/wp\/v2\/types\/product"}],"replies":[{"embeddable":true,"href":"https:\/\/aelbienetre.fr\/index.php\/wp-json\/wp\/v2\/comments?post=1332"}],"version-history":[{"count":2,"href":"https:\/\/aelbienetre.fr\/index.php\/wp-json\/wp\/v2\/product\/1332\/revisions"}],"predecessor-version":[{"id":2643,"href":"https:\/\/aelbienetre.fr\/index.php\/wp-json\/wp\/v2\/product\/1332\/revisions\/2643"}],"wp:featuredmedia":[{"embeddable":true,"href":"https:\/\/aelbienetre.fr\/index.php\/wp-json\/wp\/v2\/media\/1798"}],"wp:attachment":[{"href":"https:\/\/aelbienetre.fr\/index.php\/wp-json\/wp\/v2\/media?parent=1332"}],"wp:term":[{"taxonomy":"product_cat","embeddable":true,"href":"https:\/\/aelbienetre.fr\/index.php\/wp-json\/wp\/v2\/product_cat?post=1332"},{"taxonomy":"product_tag","embeddable":true,"href":"https:\/\/aelbienetre.fr\/index.php\/wp-json\/wp\/v2\/product_tag?post=1332"}],"curies":[{"name":"wp","href":"https:\/\/api.w.org\/{rel}","templated":true}]}}

<p>Savon fabriqué artisanalement à la main, à partir d&#8217;ingrédients soigneusement sélectionnés.</p>
<p>&nbsp;</p>
<p>Les tranches de savons étant coupées à la main, par nos soins, ne seront pas régulières. Les tranches de savons pèsent environ 100-120g.</p>
<p>&nbsp;</p>
<p>Nous vous conseillons de stocker votre tranche de savon dans un sachet à savon.</p>
<p>&nbsp;</p>

<p>Savon fabriqué artisanalement à la main, à partir d&#8217;ingrédients soigneusement sélectionnés. &nbsp; Les tranches de savons étant coupées à la main, par nos soins, ne seront pas régulières. Les tranches de savons pèsent environ 100-120g. &nbsp; Nous vous conseillons de stocker votre tranche de savon dans un sachet à savon. &nbsp;</p>

<!-- This site is optimized with the Yoast SEO plugin v23.2 - https://yoast.com/wordpress/plugins/seo/ -->
<title>Savon artisanal collection gourmande - Ael Bien-être</title>
<meta name="robots" content="index, follow, max-snippet:-1, max-image-preview:large, max-video-preview:-1" />
<link rel="canonical" href="https://aelbienetre.fr/index.php/produit/savon-artisanal-collection-gourmande/" />
<meta property="og:locale" content="fr_FR" />
<meta property="og:type" content="article" />
<meta property="og:title" content="Savon artisanal collection gourmande - Ael Bien-être" />
<meta property="og:description" content="Savon fabriqué artisanalement à la main, à partir d&#8217;ingrédients soigneusement sélectionnés. &nbsp; Les tranches de savons étant coupées à la main, par nos soins, ne seront pas régulières. Les tranches de savons pèsent environ 100-120g. &nbsp; Nous vous conseillons de stocker votre tranche de savon dans un sachet à savon. &nbsp;" />
<meta property="og:url" content="https://aelbienetre.fr/index.php/produit/savon-artisanal-collection-gourmande/" />
<meta property="og:site_name" content="Ael Bien-être" />
<meta property="article:publisher" content="https://www.facebook.com/profile.php?id=100089567651182" />
<meta property="article:modified_time" content="2023-10-25T17:55:40+00:00" />
<meta property="og:image" content="https://i0.wp.com/aelbienetre.fr/wp-content/uploads/2023/03/souvenirs-denfance-e1689201515523.jpeg?fit=600%2C422&ssl=1" />
	<meta property="og:image:width" content="600" />
	<meta property="og:image:height" content="422" />
	<meta property="og:image:type" content="image/jpeg" />
<meta name="twitter:card" content="summary_large_image" />
<script type="application/ld+json" class="yoast-schema-graph">{"@context":"https://schema.org","@graph":[{"@type":"WebPage","@id":"https://aelbienetre.fr/index.php/produit/savon-artisanal-collection-gourmande/","url":"https://aelbienetre.fr/index.php/produit/savon-artisanal-collection-gourmande/","name":"Savon artisanal collection gourmande - Ael Bien-être","isPartOf":{"@id":"https://aelbienetre.fr/#website"},"primaryImageOfPage":{"@id":"https://aelbienetre.fr/index.php/produit/savon-artisanal-collection-gourmande/#primaryimage"},"image":{"@id":"https://aelbienetre.fr/index.php/produit/savon-artisanal-collection-gourmande/#primaryimage"},"thumbnailUrl":"https://aelbienetre.fr/wp-content/uploads/2023/03/souvenirs-denfance-e1689201515523.jpeg","datePublished":"2023-03-19T13:46:54+00:00","dateModified":"2023-10-25T17:55:40+00:00","breadcrumb":{"@id":"https://aelbienetre.fr/index.php/produit/savon-artisanal-collection-gourmande/#breadcrumb"},"inLanguage":"fr-FR","potentialAction":[{"@type":"ReadAction","target":["https://aelbienetre.fr/index.php/produit/savon-artisanal-collection-gourmande/"]}]},{"@type":"ImageObject","inLanguage":"fr-FR","@id":"https://aelbienetre.fr/index.php/produit/savon-artisanal-collection-gourmande/#primaryimage","url":"https://aelbienetre.fr/wp-content/uploads/2023/03/souvenirs-denfance-e1689201515523.jpeg","contentUrl":"https://aelbienetre.fr/wp-content/uploads/2023/03/souvenirs-denfance-e1689201515523.jpeg","width":600,"height":422,"caption":"Savon artisanal"},{"@type":"BreadcrumbList","@id":"https://aelbienetre.fr/index.php/produit/savon-artisanal-collection-gourmande/#breadcrumb","itemListElement":[{"@type":"ListItem","position":1,"name":"Produits détente","item":"https://aelbienetre.fr/index.php/boutique/"},{"@type":"ListItem","position":2,"name":"Savon artisanal collection gourmande"}]},{"@type":"WebSite","@id":"https://aelbienetre.fr/#website","url":"https://aelbienetre.fr/","name":"Ael Bien-être","description":"Produits de bien-être pour la douche et le bain","publisher":{"@id":"https://aelbienetre.fr/#organization"},"potentialAction":[{"@type":"SearchAction","target":{"@type":"EntryPoint","urlTemplate":"https://aelbienetre.fr/?s={search_term_string}"},"query-input":"required name=search_term_string"}],"inLanguage":"fr-FR"},{"@type":"Organization","@id":"https://aelbienetre.fr/#organization","name":"Ael Bien-être","url":"https://aelbienetre.fr/","logo":{"@type":"ImageObject","inLanguage":"fr-FR","@id":"https://aelbienetre.fr/#/schema/logo/image/","url":"https://aelbienetre.fr/wp-content/uploads/2023/03/Logo.png","contentUrl":"https://aelbienetre.fr/wp-content/uploads/2023/03/Logo.png","width":1200,"height":950,"caption":"Ael Bien-être"},"image":{"@id":"https://aelbienetre.fr/#/schema/logo/image/"},"sameAs":["https://www.facebook.com/profile.php?id=100089567651182","https://www.pinterest.fr/aelbienetre/","https://www.instagram.com/aelbienetre/"]}]}</script>
<!-- / Yoast SEO plugin. -->

Savon artisanal collection gourmande - Ael Bien-être

Savon fabriqué artisanalement à la main, à partir d&#8217;ingrédients soigneusement sélectionnés. &nbsp; Les tranches de savons étant coupées à la main, par nos soins, ne seront pas régulières. Les tranches de savons pèsent environ 100-120g. &nbsp; Nous vous conseillons de stocker votre tranche de savon dans un sachet à savon. &nbsp;

Ael Bien-être

Produits détente

Produits de bien-être pour la douche et le bain
