{"id":1297,"date":"2023-03-19T14:46:48","date_gmt":"2023-03-19T13:46:48","guid":{"rendered":"https:\/\/aelbienetre.fr\/?post_type=product&#038;p=1297"},"modified":"2024-12-17T18:51:53","modified_gmt":"2024-12-17T17:51:53","slug":"mini-savon-triskell","status":"publish","type":"product","link":"https:\/\/aelbienetre.fr\/index.php\/produit\/mini-savon-triskell\/","title":{"rendered":"Mini-savon Triskell"},"content":{"rendered":"<p>Ces petits savons bretons tout mignons en forme de triskell, symbole mystique de la culture bretonne et celtique, \u00e9labor\u00e9s en Bretagne sont d\u00e9clin\u00e9es en 5 parfums typiques de la r\u00e9gion et disposent chacun\u00a0de leurs b\u00e9n\u00e9fices<\/p>\n<p>&nbsp;<\/p>\n<p>Caramel beurre sal\u00e9 :\u00a0 nourrissant et gourmand,\u00a0adapt\u00e9 aux peaux s\u00e8ches, ab\u00eem\u00e9es et sensibles.<\/p>\n<p>M\u00fbre de Bretagne : antioxydant et revitalisant, adapt\u00e9 aux peaux s\u00e8ches, matures et sensibles.<\/p>\n<p>Bain de mer : rafra\u00eechissant et vivifiant, \u00e0 base d\u2019algues marines v\u00e9ritables et fines paillettes.<\/p>\n<p>Gen\u00eat : r\u00e9g\u00e9n\u00e9rant et apaisant, \u00e0 base d\u2019huile essentielle d\u2019h\u00e9lichryse<\/p>\n<p>Algues : adoucissant et d\u00e9lassant, \u00e0 base d\u2019algues rouges v\u00e9ritables<\/p>\n<p>&nbsp;<\/p>\n<p>Poids 12g<\/p>\n<p>Fabriqu\u00e9 en Bretagne<\/p>\n","protected":false},"excerpt":{"rendered":"<p>Ces petits savons bretons tout mignons en forme de triskell, symbole mystique de la culture bretonne et celtique, \u00e9labor\u00e9s en Bretagne sont d\u00e9clin\u00e9es en 5 parfums typiques de la r\u00e9gion et disposent chacun\u00a0de leurs b\u00e9n\u00e9fices &nbsp; Caramel beurre sal\u00e9 :\u00a0 nourrissant et gourmand,\u00a0adapt\u00e9 aux peaux s\u00e8ches, ab\u00eem\u00e9es et sensibles. M\u00fbre de Bretagne : antioxydant et [&hellip;]<\/p>\n","protected":false},"featured_media":1578,"comment_status":"open","ping_status":"closed","template":"","meta":[],"product_cat":[20,22],"product_tag":[],"yoast_head":"<!-- This site is optimized with the Yoast SEO plugin v23.2 - https:\/\/yoast.com\/wordpress\/plugins\/seo\/ -->\n<title>Mini-savon Triskell - Ael Bien-\u00eatre<\/title>\n<meta name=\"robots\" content=\"index, follow, max-snippet:-1, max-image-preview:large, max-video-preview:-1\" \/>\n<link rel=\"canonical\" href=\"https:\/\/aelbienetre.fr\/index.php\/produit\/mini-savon-triskell\/\" \/>\n<meta property=\"og:locale\" content=\"fr_FR\" \/>\n<meta property=\"og:type\" content=\"article\" \/>\n<meta property=\"og:title\" content=\"Mini-savon Triskell - Ael Bien-\u00eatre\" \/>\n<meta property=\"og:description\" content=\"Ces petits savons bretons tout mignons en forme de triskell, symbole mystique de la culture bretonne et celtique, \u00e9labor\u00e9s en Bretagne sont d\u00e9clin\u00e9es en 5 parfums typiques de la r\u00e9gion et disposent chacun\u00a0de leurs b\u00e9n\u00e9fices &nbsp; Caramel beurre sal\u00e9 :\u00a0 nourrissant et gourmand,\u00a0adapt\u00e9 aux peaux s\u00e8ches, ab\u00eem\u00e9es et sensibles. M\u00fbre de Bretagne : antioxydant et [&hellip;]\" \/>\n<meta property=\"og:url\" content=\"https:\/\/aelbienetre.fr\/index.php\/produit\/mini-savon-triskell\/\" \/>\n<meta property=\"og:site_name\" content=\"Ael Bien-\u00eatre\" \/>\n<meta property=\"article:publisher\" content=\"https:\/\/www.facebook.com\/profile.php?id=100089567651182\" \/>\n<meta property=\"article:modified_time\" content=\"2024-12-17T17:51:53+00:00\" \/>\n<meta property=\"og:image\" content=\"https:\/\/aelbienetre.fr\/wp-content\/uploads\/2023\/03\/mini-triskell-de-savon-bain-de-mer-e1687295812678.jpg\" \/>\n\t<meta property=\"og:image:width\" content=\"800\" \/>\n\t<meta property=\"og:image:height\" content=\"800\" \/>\n\t<meta property=\"og:image:type\" content=\"image\/jpeg\" \/>\n<meta name=\"twitter:card\" content=\"summary_large_image\" \/>\n<meta name=\"twitter:label1\" content=\"Dur\u00e9e de lecture estim\u00e9e\" \/>\n\t<meta name=\"twitter:data1\" content=\"1 minute\" \/>\n<script type=\"application\/ld+json\" class=\"yoast-schema-graph\">{\"@context\":\"https:\/\/schema.org\",\"@graph\":[{\"@type\":\"WebPage\",\"@id\":\"https:\/\/aelbienetre.fr\/index.php\/produit\/mini-savon-triskell\/\",\"url\":\"https:\/\/aelbienetre.fr\/index.php\/produit\/mini-savon-triskell\/\",\"name\":\"Mini-savon Triskell - Ael Bien-\u00eatre\",\"isPartOf\":{\"@id\":\"https:\/\/aelbienetre.fr\/#website\"},\"primaryImageOfPage\":{\"@id\":\"https:\/\/aelbienetre.fr\/index.php\/produit\/mini-savon-triskell\/#primaryimage\"},\"image\":{\"@id\":\"https:\/\/aelbienetre.fr\/index.php\/produit\/mini-savon-triskell\/#primaryimage\"},\"thumbnailUrl\":\"https:\/\/aelbienetre.fr\/wp-content\/uploads\/2023\/03\/mini-triskell-de-savon-bain-de-mer-e1687295812678.jpg\",\"datePublished\":\"2023-03-19T13:46:48+00:00\",\"dateModified\":\"2024-12-17T17:51:53+00:00\",\"breadcrumb\":{\"@id\":\"https:\/\/aelbienetre.fr\/index.php\/produit\/mini-savon-triskell\/#breadcrumb\"},\"inLanguage\":\"fr-FR\",\"potentialAction\":[{\"@type\":\"ReadAction\",\"target\":[\"https:\/\/aelbienetre.fr\/index.php\/produit\/mini-savon-triskell\/\"]}]},{\"@type\":\"ImageObject\",\"inLanguage\":\"fr-FR\",\"@id\":\"https:\/\/aelbienetre.fr\/index.php\/produit\/mini-savon-triskell\/#primaryimage\",\"url\":\"https:\/\/aelbienetre.fr\/wp-content\/uploads\/2023\/03\/mini-triskell-de-savon-bain-de-mer-e1687295812678.jpg\",\"contentUrl\":\"https:\/\/aelbienetre.fr\/wp-content\/uploads\/2023\/03\/mini-triskell-de-savon-bain-de-mer-e1687295812678.jpg\",\"width\":800,\"height\":800,\"caption\":\"Mini savon triskel\"},{\"@type\":\"BreadcrumbList\",\"@id\":\"https:\/\/aelbienetre.fr\/index.php\/produit\/mini-savon-triskell\/#breadcrumb\",\"itemListElement\":[{\"@type\":\"ListItem\",\"position\":1,\"name\":\"Produits d\u00e9tente\",\"item\":\"https:\/\/aelbienetre.fr\/index.php\/boutique\/\"},{\"@type\":\"ListItem\",\"position\":2,\"name\":\"Mini-savon Triskell\"}]},{\"@type\":\"WebSite\",\"@id\":\"https:\/\/aelbienetre.fr\/#website\",\"url\":\"https:\/\/aelbienetre.fr\/\",\"name\":\"Ael Bien-\u00eatre\",\"description\":\"Produits de bien-\u00eatre pour la douche et le bain\",\"publisher\":{\"@id\":\"https:\/\/aelbienetre.fr\/#organization\"},\"potentialAction\":[{\"@type\":\"SearchAction\",\"target\":{\"@type\":\"EntryPoint\",\"urlTemplate\":\"https:\/\/aelbienetre.fr\/?s={search_term_string}\"},\"query-input\":\"required name=search_term_string\"}],\"inLanguage\":\"fr-FR\"},{\"@type\":\"Organization\",\"@id\":\"https:\/\/aelbienetre.fr\/#organization\",\"name\":\"Ael Bien-\u00eatre\",\"url\":\"https:\/\/aelbienetre.fr\/\",\"logo\":{\"@type\":\"ImageObject\",\"inLanguage\":\"fr-FR\",\"@id\":\"https:\/\/aelbienetre.fr\/#\/schema\/logo\/image\/\",\"url\":\"https:\/\/aelbienetre.fr\/wp-content\/uploads\/2023\/03\/Logo.png\",\"contentUrl\":\"https:\/\/aelbienetre.fr\/wp-content\/uploads\/2023\/03\/Logo.png\",\"width\":1200,\"height\":950,\"caption\":\"Ael Bien-\u00eatre\"},\"image\":{\"@id\":\"https:\/\/aelbienetre.fr\/#\/schema\/logo\/image\/\"},\"sameAs\":[\"https:\/\/www.facebook.com\/profile.php?id=100089567651182\",\"https:\/\/www.pinterest.fr\/aelbienetre\/\",\"https:\/\/www.instagram.com\/aelbienetre\/\"]}]}<\/script>\n<!-- \/ Yoast SEO plugin. -->","yoast_head_json":{"title":"Mini-savon Triskell - Ael Bien-\u00eatre","robots":{"index":"index","follow":"follow","max-snippet":"max-snippet:-1","max-image-preview":"max-image-preview:large","max-video-preview":"max-video-preview:-1"},"canonical":"https:\/\/aelbienetre.fr\/index.php\/produit\/mini-savon-triskell\/","og_locale":"fr_FR","og_type":"article","og_title":"Mini-savon Triskell - Ael Bien-\u00eatre","og_description":"Ces petits savons bretons tout mignons en forme de triskell, symbole mystique de la culture bretonne et celtique, \u00e9labor\u00e9s en Bretagne sont d\u00e9clin\u00e9es en 5 parfums typiques de la r\u00e9gion et disposent chacun\u00a0de leurs b\u00e9n\u00e9fices &nbsp; Caramel beurre sal\u00e9 :\u00a0 nourrissant et gourmand,\u00a0adapt\u00e9 aux peaux s\u00e8ches, ab\u00eem\u00e9es et sensibles. M\u00fbre de Bretagne : antioxydant et [&hellip;]","og_url":"https:\/\/aelbienetre.fr\/index.php\/produit\/mini-savon-triskell\/","og_site_name":"Ael Bien-\u00eatre","article_publisher":"https:\/\/www.facebook.com\/profile.php?id=100089567651182","article_modified_time":"2024-12-17T17:51:53+00:00","og_image":[{"width":800,"height":800,"url":"https:\/\/aelbienetre.fr\/wp-content\/uploads\/2023\/03\/mini-triskell-de-savon-bain-de-mer-e1687295812678.jpg","type":"image\/jpeg"}],"twitter_card":"summary_large_image","twitter_misc":{"Dur\u00e9e de lecture estim\u00e9e":"1 minute"},"schema":{"@context":"https:\/\/schema.org","@graph":[{"@type":"WebPage","@id":"https:\/\/aelbienetre.fr\/index.php\/produit\/mini-savon-triskell\/","url":"https:\/\/aelbienetre.fr\/index.php\/produit\/mini-savon-triskell\/","name":"Mini-savon Triskell - Ael Bien-\u00eatre","isPartOf":{"@id":"https:\/\/aelbienetre.fr\/#website"},"primaryImageOfPage":{"@id":"https:\/\/aelbienetre.fr\/index.php\/produit\/mini-savon-triskell\/#primaryimage"},"image":{"@id":"https:\/\/aelbienetre.fr\/index.php\/produit\/mini-savon-triskell\/#primaryimage"},"thumbnailUrl":"https:\/\/aelbienetre.fr\/wp-content\/uploads\/2023\/03\/mini-triskell-de-savon-bain-de-mer-e1687295812678.jpg","datePublished":"2023-03-19T13:46:48+00:00","dateModified":"2024-12-17T17:51:53+00:00","breadcrumb":{"@id":"https:\/\/aelbienetre.fr\/index.php\/produit\/mini-savon-triskell\/#breadcrumb"},"inLanguage":"fr-FR","potentialAction":[{"@type":"ReadAction","target":["https:\/\/aelbienetre.fr\/index.php\/produit\/mini-savon-triskell\/"]}]},{"@type":"ImageObject","inLanguage":"fr-FR","@id":"https:\/\/aelbienetre.fr\/index.php\/produit\/mini-savon-triskell\/#primaryimage","url":"https:\/\/aelbienetre.fr\/wp-content\/uploads\/2023\/03\/mini-triskell-de-savon-bain-de-mer-e1687295812678.jpg","contentUrl":"https:\/\/aelbienetre.fr\/wp-content\/uploads\/2023\/03\/mini-triskell-de-savon-bain-de-mer-e1687295812678.jpg","width":800,"height":800,"caption":"Mini savon triskel"},{"@type":"BreadcrumbList","@id":"https:\/\/aelbienetre.fr\/index.php\/produit\/mini-savon-triskell\/#breadcrumb","itemListElement":[{"@type":"ListItem","position":1,"name":"Produits d\u00e9tente","item":"https:\/\/aelbienetre.fr\/index.php\/boutique\/"},{"@type":"ListItem","position":2,"name":"Mini-savon Triskell"}]},{"@type":"WebSite","@id":"https:\/\/aelbienetre.fr\/#website","url":"https:\/\/aelbienetre.fr\/","name":"Ael Bien-\u00eatre","description":"Produits de bien-\u00eatre pour la douche et le bain","publisher":{"@id":"https:\/\/aelbienetre.fr\/#organization"},"potentialAction":[{"@type":"SearchAction","target":{"@type":"EntryPoint","urlTemplate":"https:\/\/aelbienetre.fr\/?s={search_term_string}"},"query-input":"required name=search_term_string"}],"inLanguage":"fr-FR"},{"@type":"Organization","@id":"https:\/\/aelbienetre.fr\/#organization","name":"Ael Bien-\u00eatre","url":"https:\/\/aelbienetre.fr\/","logo":{"@type":"ImageObject","inLanguage":"fr-FR","@id":"https:\/\/aelbienetre.fr\/#\/schema\/logo\/image\/","url":"https:\/\/aelbienetre.fr\/wp-content\/uploads\/2023\/03\/Logo.png","contentUrl":"https:\/\/aelbienetre.fr\/wp-content\/uploads\/2023\/03\/Logo.png","width":1200,"height":950,"caption":"Ael Bien-\u00eatre"},"image":{"@id":"https:\/\/aelbienetre.fr\/#\/schema\/logo\/image\/"},"sameAs":["https:\/\/www.facebook.com\/profile.php?id=100089567651182","https:\/\/www.pinterest.fr\/aelbienetre\/","https:\/\/www.instagram.com\/aelbienetre\/"]}]}},"jetpack_sharing_enabled":true,"jetpack-related-posts":[],"_links":{"self":[{"href":"https:\/\/aelbienetre.fr\/index.php\/wp-json\/wp\/v2\/product\/1297"}],"collection":[{"href":"https:\/\/aelbienetre.fr\/index.php\/wp-json\/wp\/v2\/product"}],"about":[{"href":"https:\/\/aelbienetre.fr\/index.php\/wp-json\/wp\/v2\/types\/product"}],"replies":[{"embeddable":true,"href":"https:\/\/aelbienetre.fr\/index.php\/wp-json\/wp\/v2\/comments?post=1297"}],"version-history":[{"count":2,"href":"https:\/\/aelbienetre.fr\/index.php\/wp-json\/wp\/v2\/product\/1297\/revisions"}],"predecessor-version":[{"id":2694,"href":"https:\/\/aelbienetre.fr\/index.php\/wp-json\/wp\/v2\/product\/1297\/revisions\/2694"}],"wp:featuredmedia":[{"embeddable":true,"href":"https:\/\/aelbienetre.fr\/index.php\/wp-json\/wp\/v2\/media\/1578"}],"wp:attachment":[{"href":"https:\/\/aelbienetre.fr\/index.php\/wp-json\/wp\/v2\/media?parent=1297"}],"wp:term":[{"taxonomy":"product_cat","embeddable":true,"href":"https:\/\/aelbienetre.fr\/index.php\/wp-json\/wp\/v2\/product_cat?post=1297"},{"taxonomy":"product_tag","embeddable":true,"href":"https:\/\/aelbienetre.fr\/index.php\/wp-json\/wp\/v2\/product_tag?post=1297"}],"curies":[{"name":"wp","href":"https:\/\/api.w.org\/{rel}","templated":true}]}}

<p>Ces petits savons bretons tout mignons en forme de triskell, symbole mystique de la culture bretonne et celtique, élaborés en Bretagne sont déclinées en 5 parfums typiques de la région et disposent chacun de leurs bénéfices</p>
<p>&nbsp;</p>
<p>Caramel beurre salé :  nourrissant et gourmand, adapté aux peaux sèches, abîmées et sensibles.</p>
<p>Mûre de Bretagne : antioxydant et revitalisant, adapté aux peaux sèches, matures et sensibles.</p>
<p>Bain de mer : rafraîchissant et vivifiant, à base d’algues marines véritables et fines paillettes.</p>
<p>Genêt : régénérant et apaisant, à base d’huile essentielle d’hélichryse</p>
<p>Algues : adoucissant et délassant, à base d’algues rouges véritables</p>
<p>&nbsp;</p>
<p>Poids 12g</p>
<p>Fabriqué en Bretagne</p>

<p>Ces petits savons bretons tout mignons en forme de triskell, symbole mystique de la culture bretonne et celtique, élaborés en Bretagne sont déclinées en 5 parfums typiques de la région et disposent chacun de leurs bénéfices &nbsp; Caramel beurre salé :  nourrissant et gourmand, adapté aux peaux sèches, abîmées et sensibles. Mûre de Bretagne : antioxydant et [&hellip;]</p>

<!-- This site is optimized with the Yoast SEO plugin v23.2 - https://yoast.com/wordpress/plugins/seo/ -->
<title>Mini-savon Triskell - Ael Bien-être</title>
<meta name="robots" content="index, follow, max-snippet:-1, max-image-preview:large, max-video-preview:-1" />
<link rel="canonical" href="https://aelbienetre.fr/index.php/produit/mini-savon-triskell/" />
<meta property="og:locale" content="fr_FR" />
<meta property="og:type" content="article" />
<meta property="og:title" content="Mini-savon Triskell - Ael Bien-être" />
<meta property="og:description" content="Ces petits savons bretons tout mignons en forme de triskell, symbole mystique de la culture bretonne et celtique, élaborés en Bretagne sont déclinées en 5 parfums typiques de la région et disposent chacun de leurs bénéfices &nbsp; Caramel beurre salé :  nourrissant et gourmand, adapté aux peaux sèches, abîmées et sensibles. Mûre de Bretagne : antioxydant et [&hellip;]" />
<meta property="og:url" content="https://aelbienetre.fr/index.php/produit/mini-savon-triskell/" />
<meta property="og:site_name" content="Ael Bien-être" />
<meta property="article:publisher" content="https://www.facebook.com/profile.php?id=100089567651182" />
<meta property="article:modified_time" content="2024-12-17T17:51:53+00:00" />
<meta property="og:image" content="https://aelbienetre.fr/wp-content/uploads/2023/03/mini-triskell-de-savon-bain-de-mer-e1687295812678.jpg" />
	<meta property="og:image:width" content="800" />
	<meta property="og:image:height" content="800" />
	<meta property="og:image:type" content="image/jpeg" />
<meta name="twitter:card" content="summary_large_image" />
<meta name="twitter:label1" content="Durée de lecture estimée" />
	<meta name="twitter:data1" content="1 minute" />
<script type="application/ld+json" class="yoast-schema-graph">{"@context":"https://schema.org","@graph":[{"@type":"WebPage","@id":"https://aelbienetre.fr/index.php/produit/mini-savon-triskell/","url":"https://aelbienetre.fr/index.php/produit/mini-savon-triskell/","name":"Mini-savon Triskell - Ael Bien-être","isPartOf":{"@id":"https://aelbienetre.fr/#website"},"primaryImageOfPage":{"@id":"https://aelbienetre.fr/index.php/produit/mini-savon-triskell/#primaryimage"},"image":{"@id":"https://aelbienetre.fr/index.php/produit/mini-savon-triskell/#primaryimage"},"thumbnailUrl":"https://aelbienetre.fr/wp-content/uploads/2023/03/mini-triskell-de-savon-bain-de-mer-e1687295812678.jpg","datePublished":"2023-03-19T13:46:48+00:00","dateModified":"2024-12-17T17:51:53+00:00","breadcrumb":{"@id":"https://aelbienetre.fr/index.php/produit/mini-savon-triskell/#breadcrumb"},"inLanguage":"fr-FR","potentialAction":[{"@type":"ReadAction","target":["https://aelbienetre.fr/index.php/produit/mini-savon-triskell/"]}]},{"@type":"ImageObject","inLanguage":"fr-FR","@id":"https://aelbienetre.fr/index.php/produit/mini-savon-triskell/#primaryimage","url":"https://aelbienetre.fr/wp-content/uploads/2023/03/mini-triskell-de-savon-bain-de-mer-e1687295812678.jpg","contentUrl":"https://aelbienetre.fr/wp-content/uploads/2023/03/mini-triskell-de-savon-bain-de-mer-e1687295812678.jpg","width":800,"height":800,"caption":"Mini savon triskel"},{"@type":"BreadcrumbList","@id":"https://aelbienetre.fr/index.php/produit/mini-savon-triskell/#breadcrumb","itemListElement":[{"@type":"ListItem","position":1,"name":"Produits détente","item":"https://aelbienetre.fr/index.php/boutique/"},{"@type":"ListItem","position":2,"name":"Mini-savon Triskell"}]},{"@type":"WebSite","@id":"https://aelbienetre.fr/#website","url":"https://aelbienetre.fr/","name":"Ael Bien-être","description":"Produits de bien-être pour la douche et le bain","publisher":{"@id":"https://aelbienetre.fr/#organization"},"potentialAction":[{"@type":"SearchAction","target":{"@type":"EntryPoint","urlTemplate":"https://aelbienetre.fr/?s={search_term_string}"},"query-input":"required name=search_term_string"}],"inLanguage":"fr-FR"},{"@type":"Organization","@id":"https://aelbienetre.fr/#organization","name":"Ael Bien-être","url":"https://aelbienetre.fr/","logo":{"@type":"ImageObject","inLanguage":"fr-FR","@id":"https://aelbienetre.fr/#/schema/logo/image/","url":"https://aelbienetre.fr/wp-content/uploads/2023/03/Logo.png","contentUrl":"https://aelbienetre.fr/wp-content/uploads/2023/03/Logo.png","width":1200,"height":950,"caption":"Ael Bien-être"},"image":{"@id":"https://aelbienetre.fr/#/schema/logo/image/"},"sameAs":["https://www.facebook.com/profile.php?id=100089567651182","https://www.pinterest.fr/aelbienetre/","https://www.instagram.com/aelbienetre/"]}]}</script>
<!-- / Yoast SEO plugin. -->

Mini-savon Triskell - Ael Bien-être

Ces petits savons bretons tout mignons en forme de triskell, symbole mystique de la culture bretonne et celtique, élaborés en Bretagne sont déclinées en 5 parfums typiques de la région et disposent chacun de leurs bénéfices &nbsp; Caramel beurre salé :  nourrissant et gourmand, adapté aux peaux sèches, abîmées et sensibles. Mûre de Bretagne : antioxydant et [&hellip;]

Ael Bien-être

Produits détente

Produits de bien-être pour la douche et le bain
