{"id":1264,"date":"2023-03-19T14:46:42","date_gmt":"2023-03-19T13:46:42","guid":{"rendered":"https:\/\/aelbienetre.fr\/?post_type=product&#038;p=1264"},"modified":"2023-12-14T21:50:13","modified_gmt":"2023-12-14T20:50:13","slug":"lait-corporel","status":"publish","type":"product","link":"https:\/\/aelbienetre.fr\/index.php\/produit\/lait-corporel\/","title":{"rendered":"Lait corporel"},"content":{"rendered":"<p>Hydratez votre peau avec ce\u00a0lait corps au lait d&#8217;\u00e2nesse.<\/p>\n<p>Le lait d\u2019\u00e2nesse redonne une belle hydratation \u00e0 votre peau. Connu depuis l\u2019antiquit\u00e9 pour ses vertus cosm\u00e9tiques d\u00fb \u00e0 sa composition riche en vitamines, oligo-\u00e9l\u00e9ments et min\u00e9raux, le lait d\u2019\u00e2nesse est particuli\u00e8rement doux et tol\u00e9rant. Appr\u00e9ci\u00e9e par Cl\u00e9op\u00e2tre, c\u00e9l\u00e8bre reine d\u2019Egypte, celle-ci entretenait sa grande beaut\u00e9 par des bains quotidiens au lait d\u2019\u00e2nesse.<\/p>\n<p>Fabrication 100% artisanale et bretonne \u2013 Non test\u00e9 sur les animaux<\/p>\n<p><strong>Parfum<\/strong>\u00a0: lait d&#8217;\u00e2nesse<\/p>\n<p>\u00c9labor\u00e9 \u00e0 base de v\u00e9ritable lait d\u2019\u00e2nesse frais, reconnu pour ses nombreux bienfaits (hydratants, nettoyants, protecteurs, antioxydants\u2026), son apport en vitamines et ses propri\u00e9t\u00e9s beaut\u00e9, ce\u00a0lait corps au lait d\u2019\u00e2nesse de Bretagne\u00a0nourrira votre peau en profondeur sans la graisser, tout en vous laissant un agr\u00e9able parfum fleuri ! Riche en acides gras et vitamines.<\/p>\n<p><strong>Poids<\/strong>\u00a0: flacon de 200ml<\/p>\n<p><strong>Conseils d\u2019utilisation<\/strong><br \/>\nAppliquez une noisette de produit sur votre peau propre et s\u00e8che.<br \/>\nLaissez le produit p\u00e9n\u00e9trer en faisant des mouvements circulaires.<\/p>\n<p>En cas de contact avec les yeux, rincer \u00e0 l\u2019eau froide. Ne pas ing\u00e9rer.<br \/>\nNe convient pas aux enfants de moins de 36 mois<\/p>\n<p><strong>Ingr\u00e9dients<\/strong><br \/>\nAqua, prunus amygdalus dulcis oil, helianthus annus seed oil, glycerin, glyceryl stearate, sodium stearoyl glutamate, fragrance, sodium benzoate, potassium sorbate, donkey milk, benzyl salicylate, xanthan gum, citronellol, hexyl cinnamal, limonene, alpha-Isomethyl ionone, eugenol, linalool, coumarin, hydroxycitronnellal, benzyl benzoate, geraniol, citric acid.<\/p>\n<p>Fabriqu\u00e9 en Bretagne (22)<\/p>\n","protected":false},"excerpt":{"rendered":"<p>Hydratez votre peau avec ce\u00a0lait corps au lait d&#8217;\u00e2nesse. Le lait d\u2019\u00e2nesse redonne une belle hydratation \u00e0 votre peau. Connu depuis l\u2019antiquit\u00e9 pour ses vertus cosm\u00e9tiques d\u00fb \u00e0 sa composition riche en vitamines, oligo-\u00e9l\u00e9ments et min\u00e9raux, le lait d\u2019\u00e2nesse est particuli\u00e8rement doux et tol\u00e9rant. Appr\u00e9ci\u00e9e par Cl\u00e9op\u00e2tre, c\u00e9l\u00e8bre reine d\u2019Egypte, celle-ci entretenait sa grande beaut\u00e9 [&hellip;]<\/p>\n","protected":false},"featured_media":1608,"comment_status":"open","ping_status":"closed","template":"","meta":[],"product_cat":[20,23],"product_tag":[43,44,45,46,47,48],"yoast_head":"<!-- This site is optimized with the Yoast SEO plugin v23.2 - https:\/\/yoast.com\/wordpress\/plugins\/seo\/ -->\n<title>Lait corporel - Ael Bien-\u00eatre<\/title>\n<meta name=\"robots\" content=\"index, follow, max-snippet:-1, max-image-preview:large, max-video-preview:-1\" \/>\n<link rel=\"canonical\" href=\"https:\/\/aelbienetre.fr\/index.php\/produit\/lait-corporel\/\" \/>\n<meta property=\"og:locale\" content=\"fr_FR\" \/>\n<meta property=\"og:type\" content=\"article\" \/>\n<meta property=\"og:title\" content=\"Lait corporel - Ael Bien-\u00eatre\" \/>\n<meta property=\"og:description\" content=\"Hydratez votre peau avec ce\u00a0lait corps au lait d&#8217;\u00e2nesse. Le lait d\u2019\u00e2nesse redonne une belle hydratation \u00e0 votre peau. Connu depuis l\u2019antiquit\u00e9 pour ses vertus cosm\u00e9tiques d\u00fb \u00e0 sa composition riche en vitamines, oligo-\u00e9l\u00e9ments et min\u00e9raux, le lait d\u2019\u00e2nesse est particuli\u00e8rement doux et tol\u00e9rant. Appr\u00e9ci\u00e9e par Cl\u00e9op\u00e2tre, c\u00e9l\u00e8bre reine d\u2019Egypte, celle-ci entretenait sa grande beaut\u00e9 [&hellip;]\" \/>\n<meta property=\"og:url\" content=\"https:\/\/aelbienetre.fr\/index.php\/produit\/lait-corporel\/\" \/>\n<meta property=\"og:site_name\" content=\"Ael Bien-\u00eatre\" \/>\n<meta property=\"article:publisher\" content=\"https:\/\/www.facebook.com\/profile.php?id=100089567651182\" \/>\n<meta property=\"article:modified_time\" content=\"2023-12-14T20:50:13+00:00\" \/>\n<meta property=\"og:image\" content=\"https:\/\/aelbienetre.fr\/wp-content\/uploads\/2023\/03\/lait-corps-au-lait-d-anesse-200ml-e1689288559601.png\" \/>\n\t<meta property=\"og:image:width\" content=\"800\" \/>\n\t<meta property=\"og:image:height\" content=\"800\" \/>\n\t<meta property=\"og:image:type\" content=\"image\/png\" \/>\n<meta name=\"twitter:card\" content=\"summary_large_image\" \/>\n<meta name=\"twitter:label1\" content=\"Dur\u00e9e de lecture estim\u00e9e\" \/>\n\t<meta name=\"twitter:data1\" content=\"2 minutes\" \/>\n<script type=\"application\/ld+json\" class=\"yoast-schema-graph\">{\"@context\":\"https:\/\/schema.org\",\"@graph\":[{\"@type\":\"WebPage\",\"@id\":\"https:\/\/aelbienetre.fr\/index.php\/produit\/lait-corporel\/\",\"url\":\"https:\/\/aelbienetre.fr\/index.php\/produit\/lait-corporel\/\",\"name\":\"Lait corporel - Ael Bien-\u00eatre\",\"isPartOf\":{\"@id\":\"https:\/\/aelbienetre.fr\/#website\"},\"primaryImageOfPage\":{\"@id\":\"https:\/\/aelbienetre.fr\/index.php\/produit\/lait-corporel\/#primaryimage\"},\"image\":{\"@id\":\"https:\/\/aelbienetre.fr\/index.php\/produit\/lait-corporel\/#primaryimage\"},\"thumbnailUrl\":\"https:\/\/aelbienetre.fr\/wp-content\/uploads\/2023\/03\/lait-corps-au-lait-d-anesse-200ml-e1689288559601.png\",\"datePublished\":\"2023-03-19T13:46:42+00:00\",\"dateModified\":\"2023-12-14T20:50:13+00:00\",\"breadcrumb\":{\"@id\":\"https:\/\/aelbienetre.fr\/index.php\/produit\/lait-corporel\/#breadcrumb\"},\"inLanguage\":\"fr-FR\",\"potentialAction\":[{\"@type\":\"ReadAction\",\"target\":[\"https:\/\/aelbienetre.fr\/index.php\/produit\/lait-corporel\/\"]}]},{\"@type\":\"ImageObject\",\"inLanguage\":\"fr-FR\",\"@id\":\"https:\/\/aelbienetre.fr\/index.php\/produit\/lait-corporel\/#primaryimage\",\"url\":\"https:\/\/aelbienetre.fr\/wp-content\/uploads\/2023\/03\/lait-corps-au-lait-d-anesse-200ml-e1689288559601.png\",\"contentUrl\":\"https:\/\/aelbienetre.fr\/wp-content\/uploads\/2023\/03\/lait-corps-au-lait-d-anesse-200ml-e1689288559601.png\",\"width\":800,\"height\":800,\"caption\":\"Lait corporel\"},{\"@type\":\"BreadcrumbList\",\"@id\":\"https:\/\/aelbienetre.fr\/index.php\/produit\/lait-corporel\/#breadcrumb\",\"itemListElement\":[{\"@type\":\"ListItem\",\"position\":1,\"name\":\"Produits d\u00e9tente\",\"item\":\"https:\/\/aelbienetre.fr\/index.php\/boutique\/\"},{\"@type\":\"ListItem\",\"position\":2,\"name\":\"Lait corporel\"}]},{\"@type\":\"WebSite\",\"@id\":\"https:\/\/aelbienetre.fr\/#website\",\"url\":\"https:\/\/aelbienetre.fr\/\",\"name\":\"Ael Bien-\u00eatre\",\"description\":\"Produits de bien-\u00eatre pour la douche et le bain\",\"publisher\":{\"@id\":\"https:\/\/aelbienetre.fr\/#organization\"},\"potentialAction\":[{\"@type\":\"SearchAction\",\"target\":{\"@type\":\"EntryPoint\",\"urlTemplate\":\"https:\/\/aelbienetre.fr\/?s={search_term_string}\"},\"query-input\":\"required name=search_term_string\"}],\"inLanguage\":\"fr-FR\"},{\"@type\":\"Organization\",\"@id\":\"https:\/\/aelbienetre.fr\/#organization\",\"name\":\"Ael Bien-\u00eatre\",\"url\":\"https:\/\/aelbienetre.fr\/\",\"logo\":{\"@type\":\"ImageObject\",\"inLanguage\":\"fr-FR\",\"@id\":\"https:\/\/aelbienetre.fr\/#\/schema\/logo\/image\/\",\"url\":\"https:\/\/aelbienetre.fr\/wp-content\/uploads\/2023\/03\/Logo.png\",\"contentUrl\":\"https:\/\/aelbienetre.fr\/wp-content\/uploads\/2023\/03\/Logo.png\",\"width\":1200,\"height\":950,\"caption\":\"Ael Bien-\u00eatre\"},\"image\":{\"@id\":\"https:\/\/aelbienetre.fr\/#\/schema\/logo\/image\/\"},\"sameAs\":[\"https:\/\/www.facebook.com\/profile.php?id=100089567651182\",\"https:\/\/www.pinterest.fr\/aelbienetre\/\",\"https:\/\/www.instagram.com\/aelbienetre\/\"]}]}<\/script>\n<!-- \/ Yoast SEO plugin. -->","yoast_head_json":{"title":"Lait corporel - Ael Bien-\u00eatre","robots":{"index":"index","follow":"follow","max-snippet":"max-snippet:-1","max-image-preview":"max-image-preview:large","max-video-preview":"max-video-preview:-1"},"canonical":"https:\/\/aelbienetre.fr\/index.php\/produit\/lait-corporel\/","og_locale":"fr_FR","og_type":"article","og_title":"Lait corporel - Ael Bien-\u00eatre","og_description":"Hydratez votre peau avec ce\u00a0lait corps au lait d&#8217;\u00e2nesse. Le lait d\u2019\u00e2nesse redonne une belle hydratation \u00e0 votre peau. Connu depuis l\u2019antiquit\u00e9 pour ses vertus cosm\u00e9tiques d\u00fb \u00e0 sa composition riche en vitamines, oligo-\u00e9l\u00e9ments et min\u00e9raux, le lait d\u2019\u00e2nesse est particuli\u00e8rement doux et tol\u00e9rant. Appr\u00e9ci\u00e9e par Cl\u00e9op\u00e2tre, c\u00e9l\u00e8bre reine d\u2019Egypte, celle-ci entretenait sa grande beaut\u00e9 [&hellip;]","og_url":"https:\/\/aelbienetre.fr\/index.php\/produit\/lait-corporel\/","og_site_name":"Ael Bien-\u00eatre","article_publisher":"https:\/\/www.facebook.com\/profile.php?id=100089567651182","article_modified_time":"2023-12-14T20:50:13+00:00","og_image":[{"width":800,"height":800,"url":"https:\/\/aelbienetre.fr\/wp-content\/uploads\/2023\/03\/lait-corps-au-lait-d-anesse-200ml-e1689288559601.png","type":"image\/png"}],"twitter_card":"summary_large_image","twitter_misc":{"Dur\u00e9e de lecture estim\u00e9e":"2 minutes"},"schema":{"@context":"https:\/\/schema.org","@graph":[{"@type":"WebPage","@id":"https:\/\/aelbienetre.fr\/index.php\/produit\/lait-corporel\/","url":"https:\/\/aelbienetre.fr\/index.php\/produit\/lait-corporel\/","name":"Lait corporel - Ael Bien-\u00eatre","isPartOf":{"@id":"https:\/\/aelbienetre.fr\/#website"},"primaryImageOfPage":{"@id":"https:\/\/aelbienetre.fr\/index.php\/produit\/lait-corporel\/#primaryimage"},"image":{"@id":"https:\/\/aelbienetre.fr\/index.php\/produit\/lait-corporel\/#primaryimage"},"thumbnailUrl":"https:\/\/aelbienetre.fr\/wp-content\/uploads\/2023\/03\/lait-corps-au-lait-d-anesse-200ml-e1689288559601.png","datePublished":"2023-03-19T13:46:42+00:00","dateModified":"2023-12-14T20:50:13+00:00","breadcrumb":{"@id":"https:\/\/aelbienetre.fr\/index.php\/produit\/lait-corporel\/#breadcrumb"},"inLanguage":"fr-FR","potentialAction":[{"@type":"ReadAction","target":["https:\/\/aelbienetre.fr\/index.php\/produit\/lait-corporel\/"]}]},{"@type":"ImageObject","inLanguage":"fr-FR","@id":"https:\/\/aelbienetre.fr\/index.php\/produit\/lait-corporel\/#primaryimage","url":"https:\/\/aelbienetre.fr\/wp-content\/uploads\/2023\/03\/lait-corps-au-lait-d-anesse-200ml-e1689288559601.png","contentUrl":"https:\/\/aelbienetre.fr\/wp-content\/uploads\/2023\/03\/lait-corps-au-lait-d-anesse-200ml-e1689288559601.png","width":800,"height":800,"caption":"Lait corporel"},{"@type":"BreadcrumbList","@id":"https:\/\/aelbienetre.fr\/index.php\/produit\/lait-corporel\/#breadcrumb","itemListElement":[{"@type":"ListItem","position":1,"name":"Produits d\u00e9tente","item":"https:\/\/aelbienetre.fr\/index.php\/boutique\/"},{"@type":"ListItem","position":2,"name":"Lait corporel"}]},{"@type":"WebSite","@id":"https:\/\/aelbienetre.fr\/#website","url":"https:\/\/aelbienetre.fr\/","name":"Ael Bien-\u00eatre","description":"Produits de bien-\u00eatre pour la douche et le bain","publisher":{"@id":"https:\/\/aelbienetre.fr\/#organization"},"potentialAction":[{"@type":"SearchAction","target":{"@type":"EntryPoint","urlTemplate":"https:\/\/aelbienetre.fr\/?s={search_term_string}"},"query-input":"required name=search_term_string"}],"inLanguage":"fr-FR"},{"@type":"Organization","@id":"https:\/\/aelbienetre.fr\/#organization","name":"Ael Bien-\u00eatre","url":"https:\/\/aelbienetre.fr\/","logo":{"@type":"ImageObject","inLanguage":"fr-FR","@id":"https:\/\/aelbienetre.fr\/#\/schema\/logo\/image\/","url":"https:\/\/aelbienetre.fr\/wp-content\/uploads\/2023\/03\/Logo.png","contentUrl":"https:\/\/aelbienetre.fr\/wp-content\/uploads\/2023\/03\/Logo.png","width":1200,"height":950,"caption":"Ael Bien-\u00eatre"},"image":{"@id":"https:\/\/aelbienetre.fr\/#\/schema\/logo\/image\/"},"sameAs":["https:\/\/www.facebook.com\/profile.php?id=100089567651182","https:\/\/www.pinterest.fr\/aelbienetre\/","https:\/\/www.instagram.com\/aelbienetre\/"]}]}},"jetpack_sharing_enabled":true,"jetpack-related-posts":[],"_links":{"self":[{"href":"https:\/\/aelbienetre.fr\/index.php\/wp-json\/wp\/v2\/product\/1264"}],"collection":[{"href":"https:\/\/aelbienetre.fr\/index.php\/wp-json\/wp\/v2\/product"}],"about":[{"href":"https:\/\/aelbienetre.fr\/index.php\/wp-json\/wp\/v2\/types\/product"}],"replies":[{"embeddable":true,"href":"https:\/\/aelbienetre.fr\/index.php\/wp-json\/wp\/v2\/comments?post=1264"}],"version-history":[{"count":3,"href":"https:\/\/aelbienetre.fr\/index.php\/wp-json\/wp\/v2\/product\/1264\/revisions"}],"predecessor-version":[{"id":3240,"href":"https:\/\/aelbienetre.fr\/index.php\/wp-json\/wp\/v2\/product\/1264\/revisions\/3240"}],"wp:featuredmedia":[{"embeddable":true,"href":"https:\/\/aelbienetre.fr\/index.php\/wp-json\/wp\/v2\/media\/1608"}],"wp:attachment":[{"href":"https:\/\/aelbienetre.fr\/index.php\/wp-json\/wp\/v2\/media?parent=1264"}],"wp:term":[{"taxonomy":"product_cat","embeddable":true,"href":"https:\/\/aelbienetre.fr\/index.php\/wp-json\/wp\/v2\/product_cat?post=1264"},{"taxonomy":"product_tag","embeddable":true,"href":"https:\/\/aelbienetre.fr\/index.php\/wp-json\/wp\/v2\/product_tag?post=1264"}],"curies":[{"name":"wp","href":"https:\/\/api.w.org\/{rel}","templated":true}]}}