{"id":1165,"date":"2023-03-19T14:46:21","date_gmt":"2023-03-19T13:46:21","guid":{"rendered":"https:\/\/aelbienetre.fr\/index.php\/produit\/apres-shampoing-solide\/"},"modified":"2023-10-02T23:34:46","modified_gmt":"2023-10-02T21:34:46","slug":"apres-shampoing-solide","status":"publish","type":"product","link":"https:\/\/aelbienetre.fr\/index.php\/produit\/apres-shampoing-solide\/","title":{"rendered":"Apr\u00e8s-shampoing solide"},"content":{"rendered":"<p>Apr\u00e8s-shampoing solide au caf\u00e9 et au vinaigre de cidre breton<\/p>\n<p>Cet\u00a0apr\u00e8s-shampoing solide artisanal, tr\u00e8s \u00e9conomique mais \u00e9galement \u00e9cologique, est une v\u00e9ritable cure de bien-\u00eatre pour votre chevelure : il est enrichi en\u00a0v\u00e9ritable caf\u00e9 breton\u00a0qui stimule la pousse des cheveux et ravive leur couleur naturelle et en\u00a0vinaigre de cidre breton\u00a0reconnu pour resserrer les \u00e9cailles des cheveux et leur redonner de l\u2019\u00e9clat.<\/p>\n<p>Il contient \u00e9galement de l\u2019huile de chanvre aux vertus hydratantes et r\u00e9g\u00e9n\u00e9rantes et qui redonnera plus de volume \u00e0 votre chevelure, ainsi que du miel aux propri\u00e9t\u00e9s nourrissantes.<\/p>\n<p>Sans allerg\u00e8ne, il se conserve 12 mois apr\u00e8s ouverture.<br \/>\nFabrication 100% artisanale et bretonne \u2013 Non test\u00e9 sur les animaux<\/p>\n<p><strong>Poids<\/strong> : Galet de 80g<\/p>\n<p><strong>Conseils d\u2019utilisation<\/strong><br \/>\nFrottez votre apr\u00e8s-shampoing solide dans vos mains humides afin d&#8217;obtenir une cr\u00e8me.<br \/>\nAppliquez sur vos cheveux en insistant sur les pointes.<br \/>\nLaissez poser quelques minutes et rincez abondamment<\/p>\n<p>En cas de contact avec les yeux, rincer \u00e0 l\u2019eau froide. Ne pas ing\u00e9rer.<br \/>\nNe convient pas \u00e0 un enfant de moins de 36 mois.<\/p>\n<p><strong>Ingr\u00e9dients<\/strong><br \/>\ncetearyl alcohol, cocos nucifera oil, ricinus communis seed oil, cannabis sativa (hemp) seed oil, butyrospermum parkii butter, cera alba, polyquaternium-7, mel, glycerin, cider vinegar, coffea arabica seed extract, tocopherol, helianthus annuus seed oil.<\/p>\n<p>Fabriqu\u00e9 en Bretagne (22)<\/p>\n","protected":false},"excerpt":{"rendered":"<p>Apr\u00e8s-shampoing solide au caf\u00e9 et au vinaigre de cidre breton Cet\u00a0apr\u00e8s-shampoing solide artisanal, tr\u00e8s \u00e9conomique mais \u00e9galement \u00e9cologique, est une v\u00e9ritable cure de bien-\u00eatre pour votre chevelure : il est enrichi en\u00a0v\u00e9ritable caf\u00e9 breton\u00a0qui stimule la pousse des cheveux et ravive leur couleur naturelle et en\u00a0vinaigre de cidre breton\u00a0reconnu pour resserrer les \u00e9cailles des cheveux [&hellip;]<\/p>\n","protected":false},"featured_media":1585,"comment_status":"open","ping_status":"closed","template":"","meta":[],"product_cat":[20,22,24],"product_tag":[],"yoast_head":"<!-- This site is optimized with the Yoast SEO plugin v23.2 - https:\/\/yoast.com\/wordpress\/plugins\/seo\/ -->\n<title>Apr\u00e8s-shampoing solide - Ael Bien-\u00eatre<\/title>\n<meta name=\"robots\" content=\"index, follow, max-snippet:-1, max-image-preview:large, max-video-preview:-1\" \/>\n<link rel=\"canonical\" href=\"https:\/\/aelbienetre.fr\/index.php\/produit\/apres-shampoing-solide\/\" \/>\n<meta property=\"og:locale\" content=\"fr_FR\" \/>\n<meta property=\"og:type\" content=\"article\" \/>\n<meta property=\"og:title\" content=\"Apr\u00e8s-shampoing solide - Ael Bien-\u00eatre\" \/>\n<meta property=\"og:description\" content=\"Apr\u00e8s-shampoing solide au caf\u00e9 et au vinaigre de cidre breton Cet\u00a0apr\u00e8s-shampoing solide artisanal, tr\u00e8s \u00e9conomique mais \u00e9galement \u00e9cologique, est une v\u00e9ritable cure de bien-\u00eatre pour votre chevelure : il est enrichi en\u00a0v\u00e9ritable caf\u00e9 breton\u00a0qui stimule la pousse des cheveux et ravive leur couleur naturelle et en\u00a0vinaigre de cidre breton\u00a0reconnu pour resserrer les \u00e9cailles des cheveux [&hellip;]\" \/>\n<meta property=\"og:url\" content=\"https:\/\/aelbienetre.fr\/index.php\/produit\/apres-shampoing-solide\/\" \/>\n<meta property=\"og:site_name\" content=\"Ael Bien-\u00eatre\" \/>\n<meta property=\"article:publisher\" content=\"https:\/\/www.facebook.com\/profile.php?id=100089567651182\" \/>\n<meta property=\"article:modified_time\" content=\"2023-10-02T21:34:46+00:00\" \/>\n<meta property=\"og:image\" content=\"https:\/\/aelbienetre.fr\/wp-content\/uploads\/2023\/03\/apres-shampoing-solide-a-la-farine-de-ble-noir-au-cafe-et-au-vinaigre-de-cidre-breton.png\" \/>\n\t<meta property=\"og:image:width\" content=\"800\" \/>\n\t<meta property=\"og:image:height\" content=\"800\" \/>\n\t<meta property=\"og:image:type\" content=\"image\/png\" \/>\n<meta name=\"twitter:card\" content=\"summary_large_image\" \/>\n<meta name=\"twitter:label1\" content=\"Dur\u00e9e de lecture estim\u00e9e\" \/>\n\t<meta name=\"twitter:data1\" content=\"2 minutes\" \/>\n<script type=\"application\/ld+json\" class=\"yoast-schema-graph\">{\"@context\":\"https:\/\/schema.org\",\"@graph\":[{\"@type\":\"WebPage\",\"@id\":\"https:\/\/aelbienetre.fr\/index.php\/produit\/apres-shampoing-solide\/\",\"url\":\"https:\/\/aelbienetre.fr\/index.php\/produit\/apres-shampoing-solide\/\",\"name\":\"Apr\u00e8s-shampoing solide - Ael Bien-\u00eatre\",\"isPartOf\":{\"@id\":\"https:\/\/aelbienetre.fr\/#website\"},\"primaryImageOfPage\":{\"@id\":\"https:\/\/aelbienetre.fr\/index.php\/produit\/apres-shampoing-solide\/#primaryimage\"},\"image\":{\"@id\":\"https:\/\/aelbienetre.fr\/index.php\/produit\/apres-shampoing-solide\/#primaryimage\"},\"thumbnailUrl\":\"https:\/\/aelbienetre.fr\/wp-content\/uploads\/2023\/03\/apres-shampoing-solide-a-la-farine-de-ble-noir-au-cafe-et-au-vinaigre-de-cidre-breton.png\",\"datePublished\":\"2023-03-19T13:46:21+00:00\",\"dateModified\":\"2023-10-02T21:34:46+00:00\",\"breadcrumb\":{\"@id\":\"https:\/\/aelbienetre.fr\/index.php\/produit\/apres-shampoing-solide\/#breadcrumb\"},\"inLanguage\":\"fr-FR\",\"potentialAction\":[{\"@type\":\"ReadAction\",\"target\":[\"https:\/\/aelbienetre.fr\/index.php\/produit\/apres-shampoing-solide\/\"]}]},{\"@type\":\"ImageObject\",\"inLanguage\":\"fr-FR\",\"@id\":\"https:\/\/aelbienetre.fr\/index.php\/produit\/apres-shampoing-solide\/#primaryimage\",\"url\":\"https:\/\/aelbienetre.fr\/wp-content\/uploads\/2023\/03\/apres-shampoing-solide-a-la-farine-de-ble-noir-au-cafe-et-au-vinaigre-de-cidre-breton.png\",\"contentUrl\":\"https:\/\/aelbienetre.fr\/wp-content\/uploads\/2023\/03\/apres-shampoing-solide-a-la-farine-de-ble-noir-au-cafe-et-au-vinaigre-de-cidre-breton.png\",\"width\":800,\"height\":800,\"caption\":\"Apr\u00e8s shampoing\"},{\"@type\":\"BreadcrumbList\",\"@id\":\"https:\/\/aelbienetre.fr\/index.php\/produit\/apres-shampoing-solide\/#breadcrumb\",\"itemListElement\":[{\"@type\":\"ListItem\",\"position\":1,\"name\":\"Produits d\u00e9tente\",\"item\":\"https:\/\/aelbienetre.fr\/index.php\/boutique\/\"},{\"@type\":\"ListItem\",\"position\":2,\"name\":\"Apr\u00e8s-shampoing solide\"}]},{\"@type\":\"WebSite\",\"@id\":\"https:\/\/aelbienetre.fr\/#website\",\"url\":\"https:\/\/aelbienetre.fr\/\",\"name\":\"Ael Bien-\u00eatre\",\"description\":\"Produits de bien-\u00eatre pour la douche et le bain\",\"publisher\":{\"@id\":\"https:\/\/aelbienetre.fr\/#organization\"},\"potentialAction\":[{\"@type\":\"SearchAction\",\"target\":{\"@type\":\"EntryPoint\",\"urlTemplate\":\"https:\/\/aelbienetre.fr\/?s={search_term_string}\"},\"query-input\":\"required name=search_term_string\"}],\"inLanguage\":\"fr-FR\"},{\"@type\":\"Organization\",\"@id\":\"https:\/\/aelbienetre.fr\/#organization\",\"name\":\"Ael Bien-\u00eatre\",\"url\":\"https:\/\/aelbienetre.fr\/\",\"logo\":{\"@type\":\"ImageObject\",\"inLanguage\":\"fr-FR\",\"@id\":\"https:\/\/aelbienetre.fr\/#\/schema\/logo\/image\/\",\"url\":\"https:\/\/aelbienetre.fr\/wp-content\/uploads\/2023\/03\/Logo.png\",\"contentUrl\":\"https:\/\/aelbienetre.fr\/wp-content\/uploads\/2023\/03\/Logo.png\",\"width\":1200,\"height\":950,\"caption\":\"Ael Bien-\u00eatre\"},\"image\":{\"@id\":\"https:\/\/aelbienetre.fr\/#\/schema\/logo\/image\/\"},\"sameAs\":[\"https:\/\/www.facebook.com\/profile.php?id=100089567651182\",\"https:\/\/www.pinterest.fr\/aelbienetre\/\",\"https:\/\/www.instagram.com\/aelbienetre\/\"]}]}<\/script>\n<!-- \/ Yoast SEO plugin. -->","yoast_head_json":{"title":"Apr\u00e8s-shampoing solide - Ael Bien-\u00eatre","robots":{"index":"index","follow":"follow","max-snippet":"max-snippet:-1","max-image-preview":"max-image-preview:large","max-video-preview":"max-video-preview:-1"},"canonical":"https:\/\/aelbienetre.fr\/index.php\/produit\/apres-shampoing-solide\/","og_locale":"fr_FR","og_type":"article","og_title":"Apr\u00e8s-shampoing solide - Ael Bien-\u00eatre","og_description":"Apr\u00e8s-shampoing solide au caf\u00e9 et au vinaigre de cidre breton Cet\u00a0apr\u00e8s-shampoing solide artisanal, tr\u00e8s \u00e9conomique mais \u00e9galement \u00e9cologique, est une v\u00e9ritable cure de bien-\u00eatre pour votre chevelure : il est enrichi en\u00a0v\u00e9ritable caf\u00e9 breton\u00a0qui stimule la pousse des cheveux et ravive leur couleur naturelle et en\u00a0vinaigre de cidre breton\u00a0reconnu pour resserrer les \u00e9cailles des cheveux [&hellip;]","og_url":"https:\/\/aelbienetre.fr\/index.php\/produit\/apres-shampoing-solide\/","og_site_name":"Ael Bien-\u00eatre","article_publisher":"https:\/\/www.facebook.com\/profile.php?id=100089567651182","article_modified_time":"2023-10-02T21:34:46+00:00","og_image":[{"width":800,"height":800,"url":"https:\/\/aelbienetre.fr\/wp-content\/uploads\/2023\/03\/apres-shampoing-solide-a-la-farine-de-ble-noir-au-cafe-et-au-vinaigre-de-cidre-breton.png","type":"image\/png"}],"twitter_card":"summary_large_image","twitter_misc":{"Dur\u00e9e de lecture estim\u00e9e":"2 minutes"},"schema":{"@context":"https:\/\/schema.org","@graph":[{"@type":"WebPage","@id":"https:\/\/aelbienetre.fr\/index.php\/produit\/apres-shampoing-solide\/","url":"https:\/\/aelbienetre.fr\/index.php\/produit\/apres-shampoing-solide\/","name":"Apr\u00e8s-shampoing solide - Ael Bien-\u00eatre","isPartOf":{"@id":"https:\/\/aelbienetre.fr\/#website"},"primaryImageOfPage":{"@id":"https:\/\/aelbienetre.fr\/index.php\/produit\/apres-shampoing-solide\/#primaryimage"},"image":{"@id":"https:\/\/aelbienetre.fr\/index.php\/produit\/apres-shampoing-solide\/#primaryimage"},"thumbnailUrl":"https:\/\/aelbienetre.fr\/wp-content\/uploads\/2023\/03\/apres-shampoing-solide-a-la-farine-de-ble-noir-au-cafe-et-au-vinaigre-de-cidre-breton.png","datePublished":"2023-03-19T13:46:21+00:00","dateModified":"2023-10-02T21:34:46+00:00","breadcrumb":{"@id":"https:\/\/aelbienetre.fr\/index.php\/produit\/apres-shampoing-solide\/#breadcrumb"},"inLanguage":"fr-FR","potentialAction":[{"@type":"ReadAction","target":["https:\/\/aelbienetre.fr\/index.php\/produit\/apres-shampoing-solide\/"]}]},{"@type":"ImageObject","inLanguage":"fr-FR","@id":"https:\/\/aelbienetre.fr\/index.php\/produit\/apres-shampoing-solide\/#primaryimage","url":"https:\/\/aelbienetre.fr\/wp-content\/uploads\/2023\/03\/apres-shampoing-solide-a-la-farine-de-ble-noir-au-cafe-et-au-vinaigre-de-cidre-breton.png","contentUrl":"https:\/\/aelbienetre.fr\/wp-content\/uploads\/2023\/03\/apres-shampoing-solide-a-la-farine-de-ble-noir-au-cafe-et-au-vinaigre-de-cidre-breton.png","width":800,"height":800,"caption":"Apr\u00e8s shampoing"},{"@type":"BreadcrumbList","@id":"https:\/\/aelbienetre.fr\/index.php\/produit\/apres-shampoing-solide\/#breadcrumb","itemListElement":[{"@type":"ListItem","position":1,"name":"Produits d\u00e9tente","item":"https:\/\/aelbienetre.fr\/index.php\/boutique\/"},{"@type":"ListItem","position":2,"name":"Apr\u00e8s-shampoing solide"}]},{"@type":"WebSite","@id":"https:\/\/aelbienetre.fr\/#website","url":"https:\/\/aelbienetre.fr\/","name":"Ael Bien-\u00eatre","description":"Produits de bien-\u00eatre pour la douche et le bain","publisher":{"@id":"https:\/\/aelbienetre.fr\/#organization"},"potentialAction":[{"@type":"SearchAction","target":{"@type":"EntryPoint","urlTemplate":"https:\/\/aelbienetre.fr\/?s={search_term_string}"},"query-input":"required name=search_term_string"}],"inLanguage":"fr-FR"},{"@type":"Organization","@id":"https:\/\/aelbienetre.fr\/#organization","name":"Ael Bien-\u00eatre","url":"https:\/\/aelbienetre.fr\/","logo":{"@type":"ImageObject","inLanguage":"fr-FR","@id":"https:\/\/aelbienetre.fr\/#\/schema\/logo\/image\/","url":"https:\/\/aelbienetre.fr\/wp-content\/uploads\/2023\/03\/Logo.png","contentUrl":"https:\/\/aelbienetre.fr\/wp-content\/uploads\/2023\/03\/Logo.png","width":1200,"height":950,"caption":"Ael Bien-\u00eatre"},"image":{"@id":"https:\/\/aelbienetre.fr\/#\/schema\/logo\/image\/"},"sameAs":["https:\/\/www.facebook.com\/profile.php?id=100089567651182","https:\/\/www.pinterest.fr\/aelbienetre\/","https:\/\/www.instagram.com\/aelbienetre\/"]}]}},"jetpack_sharing_enabled":true,"jetpack-related-posts":[],"_links":{"self":[{"href":"https:\/\/aelbienetre.fr\/index.php\/wp-json\/wp\/v2\/product\/1165"}],"collection":[{"href":"https:\/\/aelbienetre.fr\/index.php\/wp-json\/wp\/v2\/product"}],"about":[{"href":"https:\/\/aelbienetre.fr\/index.php\/wp-json\/wp\/v2\/types\/product"}],"replies":[{"embeddable":true,"href":"https:\/\/aelbienetre.fr\/index.php\/wp-json\/wp\/v2\/comments?post=1165"}],"version-history":[{"count":3,"href":"https:\/\/aelbienetre.fr\/index.php\/wp-json\/wp\/v2\/product\/1165\/revisions"}],"predecessor-version":[{"id":3233,"href":"https:\/\/aelbienetre.fr\/index.php\/wp-json\/wp\/v2\/product\/1165\/revisions\/3233"}],"wp:featuredmedia":[{"embeddable":true,"href":"https:\/\/aelbienetre.fr\/index.php\/wp-json\/wp\/v2\/media\/1585"}],"wp:attachment":[{"href":"https:\/\/aelbienetre.fr\/index.php\/wp-json\/wp\/v2\/media?parent=1165"}],"wp:term":[{"taxonomy":"product_cat","embeddable":true,"href":"https:\/\/aelbienetre.fr\/index.php\/wp-json\/wp\/v2\/product_cat?post=1165"},{"taxonomy":"product_tag","embeddable":true,"href":"https:\/\/aelbienetre.fr\/index.php\/wp-json\/wp\/v2\/product_tag?post=1165"}],"curies":[{"name":"wp","href":"https:\/\/api.w.org\/{rel}","templated":true}]}}